{"id":161,"date":"2014-08-27T13:24:45","date_gmt":"2014-08-27T13:24:45","guid":{"rendered":"http:\/\/feman.net\/?p=161"},"modified":"2022-11-23T16:04:29","modified_gmt":"2022-11-23T16:04:29","slug":"vodonepropusne-al-cu-bimetalne-caure","status":"publish","type":"product","link":"https:\/\/www.feman.net\/eng\/?product=vodonepropusne-al-cu-bimetalne-caure","title":{"rendered":"Vodonepropusne Al-Cu bimetalne \u010daure"},"content":{"rendered":"<p>Koriste se za zavr\u0161avanje Al provodnika i prelazak na Cu provodnik. Izra\u0111ene su prema zahtevima standarda SRPS N.F4.101<\/p>\n<p><a href=\"http:\/\/www.feman.net\/wp-content\/uploads\/2015\/03\/13-3.png\"><img loading=\"lazy\" decoding=\"async\" class=\"alignnone wp-image-1192\" src=\"http:\/\/www.feman.net\/wp-content\/uploads\/2015\/03\/13-3.png\" alt=\"Vodonepropusne Al-Cu bimetalne \u010daure\" width=\"321\" height=\"115\" srcset=\"https:\/\/www.feman.net\/eng\/wp-content\/uploads\/2015\/03\/13-3.png 408w, https:\/\/www.feman.net\/eng\/wp-content\/uploads\/2015\/03\/13-3-300x107.png 300w, https:\/\/www.feman.net\/eng\/wp-content\/uploads\/2015\/03\/13-3-150x54.png 150w\" sizes=\"(max-width: 321px) 100vw, 321px\" \/>\u00a0\u00a0\u00a0\u00a0\u00a0<\/a><a href=\"http:\/\/www.feman.net\/wp-content\/uploads\/2015\/03\/13-4.png\"><img loading=\"lazy\" decoding=\"async\" class=\"alignnone wp-image-1193\" src=\"http:\/\/www.feman.net\/wp-content\/uploads\/2015\/03\/13-4.png\" alt=\"Vodonepropusne Al-Cu bimetalne \u010daure\" width=\"323\" height=\"90\" srcset=\"https:\/\/www.feman.net\/eng\/wp-content\/uploads\/2015\/03\/13-4.png 484w, https:\/\/www.feman.net\/eng\/wp-content\/uploads\/2015\/03\/13-4-300x84.png 300w, https:\/\/www.feman.net\/eng\/wp-content\/uploads\/2015\/03\/13-4-150x42.png 150w\" sizes=\"(max-width: 323px) 100vw, 323px\" \/><\/a><\/p>\n<table style=\"height: 486px; width: 84.3367%;\" width=\"784\">\n<tbody>\n<tr style=\"background-color: #f7c899;\">\n<td style=\"text-align: center;\">Kodni broj<\/td>\n<td style=\"text-align: center;\">mm\u00b2\/Vijak M<\/td>\n<td style=\"text-align: center;\">d1 mm<\/td>\n<td style=\"text-align: center;\">d2 mm<\/td>\n<td style=\"text-align: center;\">d3 mm<\/td>\n<td style=\"text-align: center;\">d4 mm<\/td>\n<td style=\"text-align: center;\">L mm<\/td>\n<td style=\"text-align: center;\">Broj presovanja meh.\/hisr.<\/td>\n<td style=\"text-align: center;\">Pakovanje kom<\/td>\n<\/tr>\n<tr>\n<td>1961606<\/td>\n<td>16\/6<\/td>\n<td>11<\/td>\n<td>5,8<\/td>\n<td>5,8<\/td>\n<td>3,6<\/td>\n<td>52<\/td>\n<td>2-0\/2-0<\/td>\n<td>100<\/td>\n<\/tr>\n<tr>\n<td>1961610<\/td>\n<td>16\/10<\/td>\n<td>11<\/td>\n<td>5,8<\/td>\n<td>6,7<\/td>\n<td>4,5<\/td>\n<td>55<\/td>\n<td>2-0\/2-0<\/td>\n<td>100<\/td>\n<\/tr>\n<tr>\n<td>1961616<\/td>\n<td>16\/16<\/td>\n<td>11<\/td>\n<td>5,8<\/td>\n<td>8,2<\/td>\n<td>5,8<\/td>\n<td>61<\/td>\n<td>2-0\/2-0<\/td>\n<td>100<\/td>\n<\/tr>\n<tr>\n<td>1962516<\/td>\n<td>25\/16<\/td>\n<td>12<\/td>\n<td>6,8<\/td>\n<td>8,2<\/td>\n<td>5,8<\/td>\n<td>61<\/td>\n<td>2-0\/2-0<\/td>\n<td>100<\/td>\n<\/tr>\n<tr>\n<td>1963525<\/td>\n<td>35\/25<\/td>\n<td>14<\/td>\n<td>8,2<\/td>\n<td>10,5<\/td>\n<td>7<\/td>\n<td>71<\/td>\n<td>4-2\/2-0<\/td>\n<td>100<\/td>\n<\/tr>\n<tr>\n<td>1967050<\/td>\n<td>70\/50<\/td>\n<td>18<\/td>\n<td>11,2<\/td>\n<td>14,6<\/td>\n<td>10<\/td>\n<td>85<\/td>\n<td>4-2\/2-1<\/td>\n<td>100<\/td>\n<\/tr>\n<tr>\n<td>1969550<\/td>\n<td>95\/50<\/td>\n<td>20,5<\/td>\n<td>13,2<\/td>\n<td>14,6<\/td>\n<td>10<\/td>\n<td>90<\/td>\n<td>4-2\/2-1<\/td>\n<td>100<\/td>\n<\/tr>\n<tr>\n<td>1961595<\/td>\n<td>150\/95<\/td>\n<td>25,5<\/td>\n<td>16,3<\/td>\n<td>20<\/td>\n<td>13,5<\/td>\n<td>120<\/td>\n<td>6-3\/4-2<\/td>\n<td>50<\/td>\n<\/tr>\n<tr>\n<td>1961515<\/td>\n<td>150\/150<\/td>\n<td>25,5<\/td>\n<td>16,3<\/td>\n<td>25,4<\/td>\n<td>17<\/td>\n<td>120<\/td>\n<td>6-3\/4-2<\/td>\n<td>50<\/td>\n<\/tr>\n<tr>\n<td>1961895<\/td>\n<td>185\/95<\/td>\n<td>28<\/td>\n<td>18,3<\/td>\n<td>20<\/td>\n<td>13,5<\/td>\n<td>125<\/td>\n<td>6-3\/4-2<\/td>\n<td>50<\/td>\n<\/tr>\n<tr>\n<td>1961815<\/td>\n<td>185\/150<\/td>\n<td>28<\/td>\n<td>18,3<\/td>\n<td>25,4<\/td>\n<td>17<\/td>\n<td>125<\/td>\n<td>6-3\/4-2<\/td>\n<td>50<\/td>\n<\/tr>\n<tr>\n<td>1962415<\/td>\n<td>240\/150<\/td>\n<td>32<\/td>\n<td>21<\/td>\n<td>25,4<\/td>\n<td>17<\/td>\n<td>140<\/td>\n<td>6-3\/4-2<\/td>\n<td>50<\/td>\n<\/tr>\n<tr>\n<td>1962418<\/td>\n<td>240\/185<\/td>\n<td>32<\/td>\n<td>21<\/td>\n<td>28<\/td>\n<td>19<\/td>\n<td>145<\/td>\n<td>6-3\/4-2<\/td>\n<td>50<\/td>\n<\/tr>\n<tr>\n<td>1962424<\/td>\n<td>240\/240<\/td>\n<td>32<\/td>\n<td>21<\/td>\n<td>31,5<\/td>\n<td>21,5<\/td>\n<td>145<\/td>\n<td>6-3\/4-2<\/td>\n<td>50<\/td>\n<\/tr>\n<\/tbody>\n<\/table>\n<p>&nbsp;<\/p>\n","protected":false},"excerpt":{"rendered":"<p>Koriste se za zavr\u0161avanje Al provodnika i prelazak na Cu provodnik. Izra\u0111ene su prema zahtevima standarda SRPS N.F4.101 \u00a0\u00a0\u00a0\u00a0\u00a0 Kodni broj mm\u00b2\/Vijak M d1 mm d2 mm d3 mm d4 mm L mm Broj presovanja meh.\/hisr. Pakovanje kom 1961606 16\/6 11 5,8 5,8 3,6 52 2-0\/2-0 100 1961610 16\/10 11 5,8 6,7 4,5 55 2-0\/2-0 [&hellip;]<\/p>\n","protected":false},"featured_media":265081,"comment_status":"closed","ping_status":"closed","template":"","meta":[],"product_brand":[],"product_cat":[167,164],"product_tag":[],"class_list":{"0":"post-161","1":"product","2":"type-product","3":"status-publish","4":"has-post-thumbnail","6":"product_cat-spojne-caure","7":"product_cat-spojni-elementi-za-elektrovodove","9":"first","10":"instock","11":"shipping-taxable","12":"product-type-simple"},"_links":{"self":[{"href":"https:\/\/www.feman.net\/eng\/index.php?rest_route=\/wp\/v2\/product\/161","targetHints":{"allow":["GET"]}}],"collection":[{"href":"https:\/\/www.feman.net\/eng\/index.php?rest_route=\/wp\/v2\/product"}],"about":[{"href":"https:\/\/www.feman.net\/eng\/index.php?rest_route=\/wp\/v2\/types\/product"}],"replies":[{"embeddable":true,"href":"https:\/\/www.feman.net\/eng\/index.php?rest_route=%2Fwp%2Fv2%2Fcomments&post=161"}],"wp:featuredmedia":[{"embeddable":true,"href":"https:\/\/www.feman.net\/eng\/index.php?rest_route=\/wp\/v2\/media\/265081"}],"wp:attachment":[{"href":"https:\/\/www.feman.net\/eng\/index.php?rest_route=%2Fwp%2Fv2%2Fmedia&parent=161"}],"wp:term":[{"taxonomy":"product_brand","embeddable":true,"href":"https:\/\/www.feman.net\/eng\/index.php?rest_route=%2Fwp%2Fv2%2Fproduct_brand&post=161"},{"taxonomy":"product_cat","embeddable":true,"href":"https:\/\/www.feman.net\/eng\/index.php?rest_route=%2Fwp%2Fv2%2Fproduct_cat&post=161"},{"taxonomy":"product_tag","embeddable":true,"href":"https:\/\/www.feman.net\/eng\/index.php?rest_route=%2Fwp%2Fv2%2Fproduct_tag&post=161"}],"curies":[{"name":"wp","href":"https:\/\/api.w.org\/{rel}","templated":true}]}}