{"id":195,"date":"2014-08-27T13:29:15","date_gmt":"2014-08-27T13:29:15","guid":{"rendered":"http:\/\/feman.net\/?p=195"},"modified":"2022-11-23T17:40:40","modified_gmt":"2022-11-23T17:40:40","slug":"cu-unimax-univerzalna-odvojna-stezaljka","status":"publish","type":"product","link":"https:\/\/www.feman.net\/eng\/?product=cu-unimax-univerzalna-odvojna-stezaljka","title":{"rendered":"Cu UNIMAX univerzalna odvojna stezaljka"},"content":{"rendered":"<p><a href=\"http:\/\/www.feman.net\/wp-content\/uploads\/2015\/03\/15-8.png\"><img loading=\"lazy\" decoding=\"async\" class=\"alignnone wp-image-1217\" src=\"http:\/\/www.feman.net\/wp-content\/uploads\/2015\/03\/15-8-300x251.png\" alt=\"Cu UNIMAX univerzalna odvojna stezaljka\" width=\"229\" height=\"192\" srcset=\"https:\/\/www.feman.net\/eng\/wp-content\/uploads\/2015\/03\/15-8-300x251.png 300w, https:\/\/www.feman.net\/eng\/wp-content\/uploads\/2015\/03\/15-8-150x125.png 150w, https:\/\/www.feman.net\/eng\/wp-content\/uploads\/2015\/03\/15-8.png 305w\" sizes=\"(max-width: 229px) 100vw, 229px\" \/><\/a><a href=\"http:\/\/www.feman.net\/wp-content\/uploads\/2015\/03\/15-10.png\"> \u00a0\u00a0\u00a0\u00a0\u00a0\u00a0 <img loading=\"lazy\" decoding=\"async\" class=\"alignnone wp-image-1219\" src=\"http:\/\/www.feman.net\/wp-content\/uploads\/2015\/03\/15-10-300x214.png\" alt=\"Cu UNIMAX univerzalna odvojna stezaljka\" width=\"244\" height=\"174\" srcset=\"https:\/\/www.feman.net\/eng\/wp-content\/uploads\/2015\/03\/15-10-300x214.png 300w, https:\/\/www.feman.net\/eng\/wp-content\/uploads\/2015\/03\/15-10-420x300.png 420w, https:\/\/www.feman.net\/eng\/wp-content\/uploads\/2015\/03\/15-10-150x107.png 150w, https:\/\/www.feman.net\/eng\/wp-content\/uploads\/2015\/03\/15-10.png 431w\" sizes=\"(max-width: 244px) 100vw, 244px\" \/> \u00a0\u00a0\u00a0\u00a0\u00a0 \u00a0\u00a0 <\/a><a href=\"http:\/\/www.feman.net\/wp-content\/uploads\/2015\/03\/15-9.png\"><img loading=\"lazy\" decoding=\"async\" class=\"wp-image-1218  alignnone\" src=\"http:\/\/www.feman.net\/wp-content\/uploads\/2015\/03\/15-9-179x300.png\" alt=\"Cu UNIMAX univerzalna odvojna stezaljka\" width=\"116\" height=\"194\" srcset=\"https:\/\/www.feman.net\/eng\/wp-content\/uploads\/2015\/03\/15-9-179x300.png 179w, https:\/\/www.feman.net\/eng\/wp-content\/uploads\/2015\/03\/15-9-150x251.png 150w, https:\/\/www.feman.net\/eng\/wp-content\/uploads\/2015\/03\/15-9.png 189w\" sizes=\"(max-width: 116px) 100vw, 116px\" \/><\/a><\/p>\n<p style=\"text-align: justify;\">Slu\u017ei za spajanje odcepnih i priklju\u010dnih Cu-provodnika na Cu-neizolovani vazdu\u0161ni vod, prema SRPS N.F4.106. Izra\u0111ene su kovanjem da bi dobili popre\u010dne zubi\u0107e koji slu\u017ee za razaranje oksida, a ujedno se dobija ve\u0107a kontaktna povr\u0161ina i \u010dvr\u0161\u0107a mehani\u010dka veza. Na stezaljku je ugra\u0111en mosti\u0107 \u010dime se posti\u017ee ravnomerniji pritisak na provodnik a samim tim i bolja provodljivost. Monta\u017ea UNIMAX stezaljke se vr\u0161i pomocu jednog kljuca.<\/p>\n<table style=\"height: 205px; width: 78.2779%;\" width=\"986\">\n<tbody>\n<tr style=\"height: 41px; background-color: #f7c899;\">\n<td style=\"text-align: center; height: 41px;\">Kodni broj<\/td>\n<td style=\"text-align: center; height: 41px;\">Oznaka mm\u00b2\/ Vijak M<\/td>\n<td style=\"text-align: center; height: 41px;\">A mm<\/td>\n<td style=\"text-align: center; height: 41px;\">B mm<\/td>\n<td style=\"text-align: center; height: 41px;\">C mm<\/td>\n<td style=\"text-align: center; height: 41px;\">Torban zavrtanj<\/td>\n<td style=\"text-align: center; height: 41px;\">Pakovanje kom<\/td>\n<td style=\"text-align: center; height: 41px;\">Te\u017eina g\/100kom<\/td>\n<\/tr>\n<tr style=\"height: 41px;\">\n<td style=\"text-align: center; height: 41px;\">2500425<\/td>\n<td style=\"text-align: center; height: 41px;\">UNIMAX 4-25<\/td>\n<td style=\"text-align: center; height: 41px;\">40<\/td>\n<td style=\"text-align: center; height: 41px;\">26<\/td>\n<td style=\"text-align: center; height: 41px;\">37<\/td>\n<td style=\"text-align: center; height: 41px;\">2xM6<\/td>\n<td style=\"text-align: center; height: 41px;\">50<\/td>\n<td style=\"text-align: center; height: 41px;\">12,20<\/td>\n<\/tr>\n<tr style=\"height: 41px;\">\n<td style=\"text-align: center; height: 41px;\">2500635<\/td>\n<td style=\"text-align: center; height: 41px;\">UNIMAX 6-35<\/td>\n<td style=\"text-align: center; height: 41px;\">40<\/td>\n<td style=\"text-align: center; height: 41px;\">30<\/td>\n<td style=\"text-align: center; height: 41px;\">39<\/td>\n<td style=\"text-align: center; height: 41px;\">2xM6<\/td>\n<td style=\"text-align: center; height: 41px;\">50<\/td>\n<td style=\"text-align: center; height: 41px;\">13,40<\/td>\n<\/tr>\n<tr style=\"height: 41px;\">\n<td style=\"text-align: center; height: 41px;\">2500650<\/td>\n<td style=\"text-align: center; height: 41px;\">UNIMAX 6-50<\/td>\n<td style=\"text-align: center; height: 41px;\">47<\/td>\n<td style=\"text-align: center; height: 41px;\">34<\/td>\n<td style=\"text-align: center; height: 41px;\">48<\/td>\n<td style=\"text-align: center; height: 41px;\">2xM8<\/td>\n<td style=\"text-align: center; height: 41px;\">25<\/td>\n<td style=\"text-align: center; height: 41px;\">23,20<\/td>\n<\/tr>\n<tr style=\"height: 41px;\">\n<td style=\"text-align: center; height: 41px;\">2501095<\/td>\n<td style=\"text-align: center; height: 41px;\">UNIMAX 10-95<\/td>\n<td style=\"text-align: center; height: 41px;\">52,5<\/td>\n<td style=\"text-align: center; height: 41px;\">40<\/td>\n<td style=\"text-align: center; height: 41px;\">55<\/td>\n<td style=\"text-align: center; height: 41px;\">2xM8<\/td>\n<td style=\"text-align: center; height: 41px;\">25<\/td>\n<td style=\"text-align: center; height: 41px;\">34,60<\/td>\n<\/tr>\n<\/tbody>\n<\/table>\n<p>&nbsp;<\/p>\n<p>&nbsp;<\/p>\n","protected":false},"excerpt":{"rendered":"<p>\u00a0\u00a0\u00a0\u00a0\u00a0\u00a0 \u00a0\u00a0\u00a0\u00a0\u00a0 \u00a0\u00a0 Slu\u017ei za spajanje odcepnih i priklju\u010dnih Cu-provodnika na Cu-neizolovani vazdu\u0161ni vod, prema SRPS N.F4.106. Izra\u0111ene su kovanjem da bi dobili popre\u010dne zubi\u0107e koji slu\u017ee za razaranje oksida, a ujedno se dobija ve\u0107a kontaktna povr\u0161ina i \u010dvr\u0161\u0107a mehani\u010dka veza. Na stezaljku je ugra\u0111en mosti\u0107 \u010dime se posti\u017ee ravnomerniji pritisak na provodnik a samim [&hellip;]<\/p>\n","protected":false},"featured_media":265111,"comment_status":"closed","ping_status":"closed","template":"","meta":[],"product_brand":[],"product_cat":[164,171],"product_tag":[],"class_list":{"0":"post-195","1":"product","2":"type-product","3":"status-publish","4":"has-post-thumbnail","6":"product_cat-spojni-elementi-za-elektrovodove","7":"product_cat-stezaljke-neizolovane","9":"first","10":"instock","11":"shipping-taxable","12":"product-type-simple"},"_links":{"self":[{"href":"https:\/\/www.feman.net\/eng\/index.php?rest_route=\/wp\/v2\/product\/195","targetHints":{"allow":["GET"]}}],"collection":[{"href":"https:\/\/www.feman.net\/eng\/index.php?rest_route=\/wp\/v2\/product"}],"about":[{"href":"https:\/\/www.feman.net\/eng\/index.php?rest_route=\/wp\/v2\/types\/product"}],"replies":[{"embeddable":true,"href":"https:\/\/www.feman.net\/eng\/index.php?rest_route=%2Fwp%2Fv2%2Fcomments&post=195"}],"wp:featuredmedia":[{"embeddable":true,"href":"https:\/\/www.feman.net\/eng\/index.php?rest_route=\/wp\/v2\/media\/265111"}],"wp:attachment":[{"href":"https:\/\/www.feman.net\/eng\/index.php?rest_route=%2Fwp%2Fv2%2Fmedia&parent=195"}],"wp:term":[{"taxonomy":"product_brand","embeddable":true,"href":"https:\/\/www.feman.net\/eng\/index.php?rest_route=%2Fwp%2Fv2%2Fproduct_brand&post=195"},{"taxonomy":"product_cat","embeddable":true,"href":"https:\/\/www.feman.net\/eng\/index.php?rest_route=%2Fwp%2Fv2%2Fproduct_cat&post=195"},{"taxonomy":"product_tag","embeddable":true,"href":"https:\/\/www.feman.net\/eng\/index.php?rest_route=%2Fwp%2Fv2%2Fproduct_tag&post=195"}],"curies":[{"name":"wp","href":"https:\/\/api.w.org\/{rel}","templated":true}]}}