{"id":2418,"date":"2015-04-01T13:07:44","date_gmt":"2015-04-01T13:07:44","guid":{"rendered":"http:\/\/feman.net\/?p=2418"},"modified":"2022-11-23T18:50:25","modified_gmt":"2022-11-23T18:50:25","slug":"stezaljka-za-zatezno-prihvatanje-pa-621-200-dan","status":"publish","type":"product","link":"https:\/\/www.feman.net\/eng\/?product=stezaljka-za-zatezno-prihvatanje-pa-621-200-dan","title":{"rendered":"STEZALJKA ZA ZATEZNO PRIHVATANJE PA 621 (200 daN)"},"content":{"rendered":"<p><img loading=\"lazy\" decoding=\"async\" class=\" wp-image-268962 alignnone\" src=\"http:\/\/www.feman.net\/wp-content\/uploads\/2015\/04\/1-2.jpg\" alt=\"\" width=\"568\" height=\"377\" srcset=\"https:\/\/www.feman.net\/eng\/wp-content\/uploads\/2015\/04\/1-2.jpg 792w, https:\/\/www.feman.net\/eng\/wp-content\/uploads\/2015\/04\/1-2-300x199.jpg 300w, https:\/\/www.feman.net\/eng\/wp-content\/uploads\/2015\/04\/1-2-768x510.jpg 768w, https:\/\/www.feman.net\/eng\/wp-content\/uploads\/2015\/04\/1-2-200x133.jpg 200w, https:\/\/www.feman.net\/eng\/wp-content\/uploads\/2015\/04\/1-2-480x319.jpg 480w, https:\/\/www.feman.net\/eng\/wp-content\/uploads\/2015\/04\/1-2-600x398.jpg 600w\" sizes=\"(max-width: 568px) 100vw, 568px\" \/><\/p>\n<p style=\"text-align: justify;\">Koristi se za zatezno prihvatanje jednog izolovanog provodnika pre\u010dnika od 6 do 21mm. Izra\u0111ena je od polimera (oja\u010danog staklenim vlaknima otpornog na vremenske prilike i UV zrake). Savremena konstrukcija omogu\u0107ava pouzdanu, laku i brzu monta\u017eu u svim vremenskim uslovima.<\/p>\n<ul>\n<li><strong>Pakovanje:\u00a0\u00a0\u00a0 80 kom <\/strong><\/li>\n<li><strong>Te\u017eina:\u00a0\u00a0\u00a0\u00a0\u00a0\u00a0\u00a0\u00a0\u00a0\u00a0 6,80 kg\/100 kom <\/strong><\/li>\n<li><strong>Kodni broj:\u00a0\u00a0 3811635<\/strong><\/li>\n<\/ul>\n","protected":false},"excerpt":{"rendered":"<p>Koristi se za zatezno prihvatanje jednog izolovanog provodnika pre\u010dnika od 6 do 21mm. Izra\u0111ena je od polimera (oja\u010danog staklenim vlaknima otpornog na vremenske prilike i UV zrake). Savremena konstrukcija omogu\u0107ava pouzdanu, laku i brzu monta\u017eu u svim vremenskim uslovima. Pakovanje:\u00a0\u00a0\u00a0 80 kom Te\u017eina:\u00a0\u00a0\u00a0\u00a0\u00a0\u00a0\u00a0\u00a0\u00a0\u00a0 6,80 kg\/100 kom Kodni broj:\u00a0\u00a0 3811635<\/p>\n","protected":false},"featured_media":264741,"comment_status":"closed","ping_status":"closed","template":"","meta":[],"product_brand":[],"product_cat":[172,176],"product_tag":[],"class_list":{"0":"post-2418","1":"product","2":"type-product","3":"status-publish","4":"has-post-thumbnail","6":"product_cat-oprema-sks-adss","7":"product_cat-zatezne-stezaljke-za-nn-sks","9":"first","10":"instock","11":"shipping-taxable","12":"product-type-simple"},"_links":{"self":[{"href":"https:\/\/www.feman.net\/eng\/index.php?rest_route=\/wp\/v2\/product\/2418","targetHints":{"allow":["GET"]}}],"collection":[{"href":"https:\/\/www.feman.net\/eng\/index.php?rest_route=\/wp\/v2\/product"}],"about":[{"href":"https:\/\/www.feman.net\/eng\/index.php?rest_route=\/wp\/v2\/types\/product"}],"replies":[{"embeddable":true,"href":"https:\/\/www.feman.net\/eng\/index.php?rest_route=%2Fwp%2Fv2%2Fcomments&post=2418"}],"wp:featuredmedia":[{"embeddable":true,"href":"https:\/\/www.feman.net\/eng\/index.php?rest_route=\/wp\/v2\/media\/264741"}],"wp:attachment":[{"href":"https:\/\/www.feman.net\/eng\/index.php?rest_route=%2Fwp%2Fv2%2Fmedia&parent=2418"}],"wp:term":[{"taxonomy":"product_brand","embeddable":true,"href":"https:\/\/www.feman.net\/eng\/index.php?rest_route=%2Fwp%2Fv2%2Fproduct_brand&post=2418"},{"taxonomy":"product_cat","embeddable":true,"href":"https:\/\/www.feman.net\/eng\/index.php?rest_route=%2Fwp%2Fv2%2Fproduct_cat&post=2418"},{"taxonomy":"product_tag","embeddable":true,"href":"https:\/\/www.feman.net\/eng\/index.php?rest_route=%2Fwp%2Fv2%2Fproduct_tag&post=2418"}],"curies":[{"name":"wp","href":"https:\/\/api.w.org\/{rel}","templated":true}]}}