{"id":2434,"date":"2015-04-02T06:30:48","date_gmt":"2015-04-02T06:30:48","guid":{"rendered":"http:\/\/feman.net\/?p=2434"},"modified":"2022-11-23T18:52:34","modified_gmt":"2022-11-23T18:52:34","slug":"stezaljka-za-zatezno-prihvatanje-nn-sks-a-bez-noseceg-provodnika","status":"publish","type":"product","link":"https:\/\/www.feman.net\/eng\/?product=stezaljka-za-zatezno-prihvatanje-nn-sks-a-bez-noseceg-provodnika","title":{"rendered":"STEZALJKA ZA ZATEZNO PRIHVATANJE NN SKS-A BEZ NOSE\u0106EG PROVODNIKA"},"content":{"rendered":"<p><a href=\"http:\/\/www.feman.net\/wp-content\/uploads\/2015\/03\/36.png\"><img loading=\"lazy\" decoding=\"async\" class=\"wp-image-1341 size-medium alignnone\" src=\"http:\/\/www.feman.net\/wp-content\/uploads\/2015\/03\/36-198x300.png\" alt=\"STEZALJKA ZA ZATEZNO PRIHVATANJE NN SKS-A BEZ NOSE\u0106EG PROVODNIKA\" width=\"198\" height=\"300\" srcset=\"https:\/\/www.feman.net\/eng\/wp-content\/uploads\/2015\/03\/36-198x300.png 198w, https:\/\/www.feman.net\/eng\/wp-content\/uploads\/2015\/03\/36-300x454.png 300w, https:\/\/www.feman.net\/eng\/wp-content\/uploads\/2015\/03\/36-150x227.png 150w, https:\/\/www.feman.net\/eng\/wp-content\/uploads\/2015\/03\/36.png 597w\" sizes=\"(max-width: 198px) 100vw, 198px\" \/><\/a><a href=\"http:\/\/www.feman.net\/wp-content\/uploads\/2015\/03\/35.png\"><img loading=\"lazy\" decoding=\"async\" class=\"wp-image-1294 size-medium alignnone\" src=\"http:\/\/www.feman.net\/wp-content\/uploads\/2015\/03\/35-225x300.png\" alt=\"STEZALJKA ZA ZATEZNO PRIHVATANJE NN SKS-A BEZ NOSE\u0106EG PROVODNIKA\" width=\"225\" height=\"300\" srcset=\"https:\/\/www.feman.net\/eng\/wp-content\/uploads\/2015\/03\/35-225x300.png 225w, https:\/\/www.feman.net\/eng\/wp-content\/uploads\/2015\/03\/35-300x400.png 300w, https:\/\/www.feman.net\/eng\/wp-content\/uploads\/2015\/03\/35-600x801.png 600w, https:\/\/www.feman.net\/eng\/wp-content\/uploads\/2015\/03\/35-767x1024.png 767w, https:\/\/www.feman.net\/eng\/wp-content\/uploads\/2015\/03\/35-150x200.png 150w, https:\/\/www.feman.net\/eng\/wp-content\/uploads\/2015\/03\/35.png 1392w\" sizes=\"(max-width: 225px) 100vw, 225px\" \/><\/a><\/p>\n<p style=\"text-align: justify;\">Koristi se za zatezno prihvatanje niskonaponskih samonose\u0107ih kablovskih snopova bez nose\u0107eg provodnika. Izolacioni umetak je izra\u0111en od poliamida oja\u010danim staklenim vlaknima, \u0161to obezbe\u0111uje dobru zateznu \u010dvrsto\u0107u. Osnovni elementi konstrukcije su izra\u0111eni od pocinkovanog \u010delika.<\/p>\n<table style=\"height: 5px; width: 85.8661%;\" width=\"866\">\n<tbody>\n<tr style=\"background-color: #c8e4f7;\">\n<td style=\"text-align: center;\">Kodni broj<\/td>\n<td style=\"text-align: center;\">Oznaka<\/td>\n<td style=\"text-align: center;\">Za SKS mm\u00b2<\/td>\n<td style=\"text-align: center;\">Pakovanje kom<\/td>\n<td style=\"text-align: center;\">Te\u017eina kg\/100kom<\/td>\n<\/tr>\n<tr>\n<td>3813035<\/td>\n<td>PA 416\/35<\/td>\n<td>4&#215;16-35<\/td>\n<td>25<\/td>\n<td>80<\/td>\n<\/tr>\n<tr>\n<td>3813095<\/td>\n<td>PA 450\/95<\/td>\n<td>4&#215;50-95<\/td>\n<td>15<\/td>\n<td>140<\/td>\n<\/tr>\n<\/tbody>\n<\/table>\n<p>&nbsp;<\/p>\n","protected":false},"excerpt":{"rendered":"<p>Koristi se za zatezno prihvatanje niskonaponskih samonose\u0107ih kablovskih snopova bez nose\u0107eg provodnika. Izolacioni umetak je izra\u0111en od poliamida oja\u010danim staklenim vlaknima, \u0161to obezbe\u0111uje dobru zateznu \u010dvrsto\u0107u. Osnovni elementi konstrukcije su izra\u0111eni od pocinkovanog \u010delika. Kodni broj Oznaka Za SKS mm\u00b2 Pakovanje kom Te\u017eina kg\/100kom 3813035 PA 416\/35 4&#215;16-35 25 80 3813095 PA 450\/95 4&#215;50-95 15 [&hellip;]<\/p>\n","protected":false},"featured_media":264737,"comment_status":"closed","ping_status":"closed","template":"","meta":[],"product_brand":[],"product_cat":[172,176],"product_tag":[],"class_list":{"0":"post-2434","1":"product","2":"type-product","3":"status-publish","4":"has-post-thumbnail","6":"product_cat-oprema-sks-adss","7":"product_cat-zatezne-stezaljke-za-nn-sks","9":"first","10":"instock","11":"shipping-taxable","12":"product-type-simple"},"_links":{"self":[{"href":"https:\/\/www.feman.net\/eng\/index.php?rest_route=\/wp\/v2\/product\/2434","targetHints":{"allow":["GET"]}}],"collection":[{"href":"https:\/\/www.feman.net\/eng\/index.php?rest_route=\/wp\/v2\/product"}],"about":[{"href":"https:\/\/www.feman.net\/eng\/index.php?rest_route=\/wp\/v2\/types\/product"}],"replies":[{"embeddable":true,"href":"https:\/\/www.feman.net\/eng\/index.php?rest_route=%2Fwp%2Fv2%2Fcomments&post=2434"}],"wp:featuredmedia":[{"embeddable":true,"href":"https:\/\/www.feman.net\/eng\/index.php?rest_route=\/wp\/v2\/media\/264737"}],"wp:attachment":[{"href":"https:\/\/www.feman.net\/eng\/index.php?rest_route=%2Fwp%2Fv2%2Fmedia&parent=2434"}],"wp:term":[{"taxonomy":"product_brand","embeddable":true,"href":"https:\/\/www.feman.net\/eng\/index.php?rest_route=%2Fwp%2Fv2%2Fproduct_brand&post=2434"},{"taxonomy":"product_cat","embeddable":true,"href":"https:\/\/www.feman.net\/eng\/index.php?rest_route=%2Fwp%2Fv2%2Fproduct_cat&post=2434"},{"taxonomy":"product_tag","embeddable":true,"href":"https:\/\/www.feman.net\/eng\/index.php?rest_route=%2Fwp%2Fv2%2Fproduct_tag&post=2434"}],"curies":[{"name":"wp","href":"https:\/\/api.w.org\/{rel}","templated":true}]}}