{"id":2586,"date":"2015-04-03T09:43:37","date_gmt":"2015-04-03T09:43:37","guid":{"rendered":"http:\/\/feman.net\/?p=2586"},"modified":"2026-04-05T16:57:34","modified_gmt":"2026-04-05T16:57:34","slug":"automatska-hvataljka-6-14","status":"publish","type":"product","link":"https:\/\/www.feman.net\/eng\/?product=automatska-hvataljka-6-14","title":{"rendered":"AUTOMATSKA HVATALJKA 6-14"},"content":{"rendered":"&nbsp;\r\n\r\n<a href=\"http:\/\/www.feman.net\/wp-content\/uploads\/2015\/03\/114.png\"><img loading=\"lazy\" decoding=\"async\" class=\"wp-image-1386  aligncenter\" src=\"http:\/\/www.feman.net\/wp-content\/uploads\/2015\/03\/114-300x125.png\" alt=\"AUTOMATSKA HVATALJKA 6-14\" width=\"451\" height=\"188\" srcset=\"https:\/\/www.feman.net\/eng\/wp-content\/uploads\/2015\/03\/114-300x125.png 300w, https:\/\/www.feman.net\/eng\/wp-content\/uploads\/2015\/03\/114-600x249.png 600w, https:\/\/www.feman.net\/eng\/wp-content\/uploads\/2015\/03\/114-150x62.png 150w, https:\/\/www.feman.net\/eng\/wp-content\/uploads\/2015\/03\/114.png 748w\" sizes=\"(max-width: 451px) 100vw, 451px\" \/><\/a>\r\n\r\nNamenjena za vu\u010du i zatezanje Al i Al\u010ce provodnika spolja\u0161njeg pre\u010dnika 6 do 14 mm. Njena konstrukcija sistemom poluga hvata provodnik a pri povla\u010denju automatski se poja\u010dava sila stezanja hvataljke na provodnik i time se omogu\u0107ava brza i \u010dvrsta veza, za vu\u010du i zatezanje. Maksimalna sila zatezanja je 400 kg. Automatska hvataljka ima ugra\u0111enu U - sponu koja omogu\u0107ava brzo i lako povezivanje sa vu\u010dnim ure\u0111ajem. Hvataljka je izra\u0111ena od specijalne legure Al.\r\n\r\n&nbsp;\r\n<ul>\r\n \t<li><strong>Du<\/strong><strong>\u017e<\/strong><strong>ina: 308 mm<\/strong><\/li>\r\n \t<li><strong>T<\/strong><strong>e<\/strong><strong>\u017e<\/strong><strong>ina: 1.5 kg<\/strong><\/li>\r\n \t<li><strong>Kodni broj: 1884614<\/strong><\/li>\r\n<\/ul>\r\n&nbsp;\r\n\r\n&nbsp;\r\n\r\n&nbsp;\r\n\r\n&nbsp;\r\n\r\n&nbsp;\r\n\r\n&nbsp;\r\n\r\n&nbsp;\r\n\r\n&nbsp;","protected":false},"excerpt":{"rendered":"","protected":false},"featured_media":264708,"comment_status":"closed","ping_status":"closed","template":"","meta":[],"product_brand":[],"product_cat":[172,178],"product_tag":[],"class_list":{"0":"post-2586","1":"product","2":"type-product","3":"status-publish","4":"has-post-thumbnail","6":"product_cat-oprema-sks-adss","7":"product_cat-ostala-oprema-za-nn-sks","9":"first","10":"instock","11":"shipping-taxable","12":"product-type-simple"},"_links":{"self":[{"href":"https:\/\/www.feman.net\/eng\/index.php?rest_route=\/wp\/v2\/product\/2586","targetHints":{"allow":["GET"]}}],"collection":[{"href":"https:\/\/www.feman.net\/eng\/index.php?rest_route=\/wp\/v2\/product"}],"about":[{"href":"https:\/\/www.feman.net\/eng\/index.php?rest_route=\/wp\/v2\/types\/product"}],"replies":[{"embeddable":true,"href":"https:\/\/www.feman.net\/eng\/index.php?rest_route=%2Fwp%2Fv2%2Fcomments&post=2586"}],"wp:featuredmedia":[{"embeddable":true,"href":"https:\/\/www.feman.net\/eng\/index.php?rest_route=\/wp\/v2\/media\/264708"}],"wp:attachment":[{"href":"https:\/\/www.feman.net\/eng\/index.php?rest_route=%2Fwp%2Fv2%2Fmedia&parent=2586"}],"wp:term":[{"taxonomy":"product_brand","embeddable":true,"href":"https:\/\/www.feman.net\/eng\/index.php?rest_route=%2Fwp%2Fv2%2Fproduct_brand&post=2586"},{"taxonomy":"product_cat","embeddable":true,"href":"https:\/\/www.feman.net\/eng\/index.php?rest_route=%2Fwp%2Fv2%2Fproduct_cat&post=2586"},{"taxonomy":"product_tag","embeddable":true,"href":"https:\/\/www.feman.net\/eng\/index.php?rest_route=%2Fwp%2Fv2%2Fproduct_tag&post=2586"}],"curies":[{"name":"wp","href":"https:\/\/api.w.org\/{rel}","templated":true}]}}