{"id":266866,"date":"2022-05-26T15:19:10","date_gmt":"2022-05-26T15:19:10","guid":{"rendered":"http:\/\/www.feman-jagodina.feman.co.rs\/?post_type=product&#038;p=266866"},"modified":"2026-04-05T16:57:35","modified_gmt":"2026-04-05T16:57:35","slug":"modularni-merno-razvodni-orman-od-poliestera-mro1-320x665x235-2","status":"publish","type":"product","link":"https:\/\/www.feman.net\/eng\/?product=modularni-merno-razvodni-orman-od-poliestera-mro1-320x665x235-2","title":{"rendered":"MODULARNI MERNO-RAZVODNI ORMAN OD POLIESTERA MRO1 320x665x235"},"content":{"rendered":"<a href=\"http:\/\/www.feman.net\/wp-content\/uploads\/2022\/05\/1-MRO-1-1.png\"><img loading=\"lazy\" decoding=\"async\" class=\"alignnone size-full wp-image-266867\" src=\"http:\/\/www.feman.net\/wp-content\/uploads\/2022\/05\/1-MRO-1-1.png\" alt=\"\" width=\"300\" height=\"565\" srcset=\"https:\/\/www.feman.net\/eng\/wp-content\/uploads\/2022\/05\/1-MRO-1-1.png 300w, https:\/\/www.feman.net\/eng\/wp-content\/uploads\/2022\/05\/1-MRO-1-1-159x300.png 159w\" sizes=\"(max-width: 300px) 100vw, 300px\" \/><\/a> <a href=\"http:\/\/www.feman.net\/wp-content\/uploads\/2022\/05\/2-MRO-1-1.png\"><img loading=\"lazy\" decoding=\"async\" class=\"alignnone size-full wp-image-266868\" src=\"http:\/\/www.feman.net\/wp-content\/uploads\/2022\/05\/2-MRO-1-1.png\" alt=\"\" width=\"300\" height=\"553\" srcset=\"https:\/\/www.feman.net\/eng\/wp-content\/uploads\/2022\/05\/2-MRO-1-1.png 300w, https:\/\/www.feman.net\/eng\/wp-content\/uploads\/2022\/05\/2-MRO-1-1-163x300.png 163w\" sizes=\"(max-width: 300px) 100vw, 300px\" \/><\/a>\r\n\r\n&nbsp;\r\n<h2>FEMAN POLIESTERSKI ORMANI - KARAKTERISTIKE<\/h2>\r\n<a href=\"http:\/\/www.feman.net\/wp-content\/uploads\/2022\/05\/karakteristike-1.png\"><img loading=\"lazy\" decoding=\"async\" class=\"alignnone size-full wp-image-266869\" src=\"http:\/\/www.feman.net\/wp-content\/uploads\/2022\/05\/karakteristike-1.png\" alt=\"\" width=\"1000\" height=\"323\" srcset=\"https:\/\/www.feman.net\/eng\/wp-content\/uploads\/2022\/05\/karakteristike-1.png 1000w, https:\/\/www.feman.net\/eng\/wp-content\/uploads\/2022\/05\/karakteristike-1-300x97.png 300w, https:\/\/www.feman.net\/eng\/wp-content\/uploads\/2022\/05\/karakteristike-1-768x248.png 768w, https:\/\/www.feman.net\/eng\/wp-content\/uploads\/2022\/05\/karakteristike-1-980x317.png 980w, https:\/\/www.feman.net\/eng\/wp-content\/uploads\/2022\/05\/karakteristike-1-480x155.png 480w, https:\/\/www.feman.net\/eng\/wp-content\/uploads\/2022\/05\/karakteristike-1-600x194.png 600w\" sizes=\"(max-width: 1000px) 100vw, 1000px\" \/><\/a>\r\n<h4><strong>Koristi se za monta\u017eu jednog mernog ure\u0111aja. Za monta\u017eu vi\u0161e mernih ure\u0111aja mogu se nizati jedan pored drugog i jedan iznad drugog.<\/strong><\/h4>\r\n<a href=\"http:\/\/www.feman.net\/wp-content\/uploads\/2022\/05\/1-MRO-1-2.png\"><img loading=\"lazy\" decoding=\"async\" class=\"alignnone size-full wp-image-266870\" src=\"http:\/\/www.feman.net\/wp-content\/uploads\/2022\/05\/1-MRO-1-2.png\" alt=\"\" width=\"300\" height=\"565\" srcset=\"https:\/\/www.feman.net\/eng\/wp-content\/uploads\/2022\/05\/1-MRO-1-2.png 300w, https:\/\/www.feman.net\/eng\/wp-content\/uploads\/2022\/05\/1-MRO-1-2-159x300.png 159w\" sizes=\"(max-width: 300px) 100vw, 300px\" \/><\/a> <a href=\"http:\/\/www.feman.net\/wp-content\/uploads\/2022\/05\/3-MRO-1.png\">\u00a0\u00a0\u00a0\u00a0\u00a0\u00a0\u00a0\u00a0\u00a0\u00a0\u00a0 <img loading=\"lazy\" decoding=\"async\" class=\"alignnone wp-image-266871\" src=\"http:\/\/www.feman.net\/wp-content\/uploads\/2022\/05\/3-MRO-1.png\" alt=\"\" width=\"422\" height=\"471\" srcset=\"https:\/\/www.feman.net\/eng\/wp-content\/uploads\/2022\/05\/3-MRO-1.png 421w, https:\/\/www.feman.net\/eng\/wp-content\/uploads\/2022\/05\/3-MRO-1-269x300.png 269w, https:\/\/www.feman.net\/eng\/wp-content\/uploads\/2022\/05\/3-MRO-1-300x335.png 300w\" sizes=\"(max-width: 422px) 100vw, 422px\" \/><\/a>\r\n\r\nVi\u0161enamenski modularni univerzalni orman izra\u0111ujemo u vi\u0161e varijanti, za monta\u017eu na stub, na zid, u zidu, kao slobodnostoje\u0107i nadzemni i kao slobodnostoje\u0107i uzemni.<a href=\"http:\/\/www.feman.net\/wp-content\/uploads\/2022\/05\/4-MRO-1.png\"><img loading=\"lazy\" decoding=\"async\" class=\"size-full wp-image-266872 alignright\" src=\"http:\/\/www.feman.net\/wp-content\/uploads\/2022\/05\/4-MRO-1.png\" alt=\"\" width=\"300\" height=\"365\" srcset=\"https:\/\/www.feman.net\/eng\/wp-content\/uploads\/2022\/05\/4-MRO-1.png 300w, https:\/\/www.feman.net\/eng\/wp-content\/uploads\/2022\/05\/4-MRO-1-247x300.png 247w\" sizes=\"(max-width: 300px) 100vw, 300px\" \/><\/a>\r\n<p style=\"text-align: justify;\">Orman izra\u0111ujemo od presovanog negorivog poliestera oja\u010danog staklenim vlaknima. Otporan je na udare, savijanje i ima veliku dielektri\u010dnu \u010dvrsto\u0107u. Otporan je na atmosferske uticaje, kao i UV zra\u010denje. Ne prouzrokuje \u0161tetna dejstva na \u017eive organizme i \u010dovekovu okolinu. Pru\u017ea veoma dobru mehani\u010dku i elektri\u010dnu za\u0161titu. Spada u visoko izolacione ormane. Dodavanjem dihtung gume na vratima, prozorima i drugim otvorimaposti\u017eesevisokstepenzaptivenosti IP 54.<\/p>\r\n<p style=\"text-align: justify;\"><strong>Zbog svojih tehni\u010dkih karakteristika mogu se koristiti u vla\u017enim prostorijama, sredinama gde je veliko prisustvo kiselina, pra\u0161ina i soli, termoelektranama, prostorijama sa visokim i niskim temperaturama, u industrijskim halama itd. <\/strong><em>Kori\u0161\u0107enje je jednostavno i bez dodatnog odr\u017eavanja, otporan je na visoke i niske temperature. Veoma laka i jednostavna monta\u017ea i ugradnja.<\/em><\/p>\r\n<p style=\"text-align: justify;\">U skladu sa evropskim standardima i normama razvili smo \u0161irok program prate\u0107e ugradnje opreme za ormane. Po \u017eelji kupca ormane isporu\u010dujemo kompletno opremljene (\u0161emirane) prema tehni\u010dkom uputstvu dostavljenom od strane kupca.<\/p>\r\n&nbsp;\r\n<h2>VRSTE, UPOTREBA I PRIMERI ORMANA<\/h2>\r\n<ul class=\"et_post_gallery clearfix\">\n\t\t\t\t\t<li class=\"et_gallery_item et_pb_gallery_image\">\n\t\t\t\t\t\t<a href=\"https:\/\/www.feman.net\/eng\/wp-content\/uploads\/2022\/05\/11a-MRO-1.png\" title=\"11a-MRO 1\">\n\t\t\t\t\t\t\t<span class=\"et_portfolio_image\">\n\t\t\t\t\t\t\t\t<img loading=\"lazy\" decoding=\"async\" width=\"300\" height=\"284\" src=\"https:\/\/www.feman.net\/eng\/wp-content\/uploads\/2022\/05\/11a-MRO-1-300x284.png\" class=\"attachment-et-pb-portfolio-image size-et-pb-portfolio-image\" alt=\"\" \/>\n\t\t\t\t\t\t\t\t<span class=\"et_overlay\"><\/span>\n\t\t\t\t\t\t\t<\/span>\n\t\t\t\t\t\t<\/a>\n\t\t\t\t\t\t<p class=\"et_pb_gallery_caption\">Unutra\u0161njost praznog poliesterskog univerzalnog ormana<\/p>\n\t\t\t\t\t<\/li><li class=\"et_gallery_item et_pb_gallery_image\">\n\t\t\t\t\t\t<a href=\"https:\/\/www.feman.net\/eng\/wp-content\/uploads\/2022\/05\/12-MRO-1.png\" title=\"12-MRO 1\">\n\t\t\t\t\t\t\t<span class=\"et_portfolio_image\">\n\t\t\t\t\t\t\t\t<img loading=\"lazy\" decoding=\"async\" width=\"300\" height=\"284\" src=\"https:\/\/www.feman.net\/eng\/wp-content\/uploads\/2022\/05\/12-MRO-1-300x284.png\" class=\"attachment-et-pb-portfolio-image size-et-pb-portfolio-image\" alt=\"\" \/>\n\t\t\t\t\t\t\t\t<span class=\"et_overlay\"><\/span>\n\t\t\t\t\t\t\t<\/span>\n\t\t\t\t\t\t<\/a>\n\t\t\t\t\t\t<p class=\"et_pb_gallery_caption\">Orman sa prekida\u010dima i kontrolnim lampama<\/p>\n\t\t\t\t\t<\/li><li class=\"et_gallery_item et_pb_gallery_image\">\n\t\t\t\t\t\t<a href=\"https:\/\/www.feman.net\/eng\/wp-content\/uploads\/2022\/05\/13-MRO-1.png\" title=\"13-MRO 1\">\n\t\t\t\t\t\t\t<span class=\"et_portfolio_image\">\n\t\t\t\t\t\t\t\t<img loading=\"lazy\" decoding=\"async\" width=\"300\" height=\"284\" src=\"https:\/\/www.feman.net\/eng\/wp-content\/uploads\/2022\/05\/13-MRO-1-300x284.png\" class=\"attachment-et-pb-portfolio-image size-et-pb-portfolio-image\" alt=\"\" \/>\n\t\t\t\t\t\t\t\t<span class=\"et_overlay\"><\/span>\n\t\t\t\t\t\t\t<\/span>\n\t\t\t\t\t\t<\/a>\n\t\t\t\t\t\t<p class=\"et_pb_gallery_caption\">Merni orman<\/p>\n\t\t\t\t\t<\/li><li class=\"et_gallery_item et_pb_gallery_image\">\n\t\t\t\t\t\t<a href=\"https:\/\/www.feman.net\/eng\/wp-content\/uploads\/2022\/05\/14-MRO-1.png\" title=\"14-MRO 1\">\n\t\t\t\t\t\t\t<span class=\"et_portfolio_image\">\n\t\t\t\t\t\t\t\t<img loading=\"lazy\" decoding=\"async\" width=\"300\" height=\"284\" src=\"https:\/\/www.feman.net\/eng\/wp-content\/uploads\/2022\/05\/14-MRO-1-300x284.png\" class=\"attachment-et-pb-portfolio-image size-et-pb-portfolio-image\" alt=\"\" \/>\n\t\t\t\t\t\t\t\t<span class=\"et_overlay\"><\/span>\n\t\t\t\t\t\t\t<\/span>\n\t\t\t\t\t\t<\/a>\n\t\t\t\t\t\t<p class=\"et_pb_gallery_caption\">Merno komandni orman<\/p>\n\t\t\t\t\t<\/li><li class=\"et_gallery_item et_pb_gallery_image\">\n\t\t\t\t\t\t<a href=\"https:\/\/www.feman.net\/eng\/wp-content\/uploads\/2022\/05\/15-MRO-1.png\" title=\"15-MRO 1\">\n\t\t\t\t\t\t\t<span class=\"et_portfolio_image\">\n\t\t\t\t\t\t\t\t<img loading=\"lazy\" decoding=\"async\" width=\"300\" height=\"284\" src=\"https:\/\/www.feman.net\/eng\/wp-content\/uploads\/2022\/05\/15-MRO-1-300x284.png\" class=\"attachment-et-pb-portfolio-image size-et-pb-portfolio-image\" alt=\"\" \/>\n\t\t\t\t\t\t\t\t<span class=\"et_overlay\"><\/span>\n\t\t\t\t\t\t\t<\/span>\n\t\t\t\t\t\t<\/a>\n\t\t\t\t\t\t<p class=\"et_pb_gallery_caption\">Orman sa mernim uredjajima<\/p>\n\t\t\t\t\t<\/li><li class=\"et_gallery_item et_pb_gallery_image\">\n\t\t\t\t\t\t<a href=\"https:\/\/www.feman.net\/eng\/wp-content\/uploads\/2022\/05\/16-MRO-1.png\" title=\"16-MRO 1\">\n\t\t\t\t\t\t\t<span class=\"et_portfolio_image\">\n\t\t\t\t\t\t\t\t<img loading=\"lazy\" decoding=\"async\" width=\"300\" height=\"284\" src=\"https:\/\/www.feman.net\/eng\/wp-content\/uploads\/2022\/05\/16-MRO-1-300x284.png\" class=\"attachment-et-pb-portfolio-image size-et-pb-portfolio-image\" alt=\"\" \/>\n\t\t\t\t\t\t\t\t<span class=\"et_overlay\"><\/span>\n\t\t\t\t\t\t\t<\/span>\n\t\t\t\t\t\t<\/a>\n\t\t\t\t\t\t<p class=\"et_pb_gallery_caption\">Orman sa automatikom<\/p>\n\t\t\t\t\t<\/li><li class=\"et_gallery_item et_pb_gallery_image\">\n\t\t\t\t\t\t<a href=\"https:\/\/www.feman.net\/eng\/wp-content\/uploads\/2022\/05\/17-MRO-1.png\" title=\"17-MRO 1\">\n\t\t\t\t\t\t\t<span class=\"et_portfolio_image\">\n\t\t\t\t\t\t\t\t<img loading=\"lazy\" decoding=\"async\" width=\"300\" height=\"284\" src=\"https:\/\/www.feman.net\/eng\/wp-content\/uploads\/2022\/05\/17-MRO-1-300x284.png\" class=\"attachment-et-pb-portfolio-image size-et-pb-portfolio-image\" alt=\"\" \/>\n\t\t\t\t\t\t\t\t<span class=\"et_overlay\"><\/span>\n\t\t\t\t\t\t\t<\/span>\n\t\t\t\t\t\t<\/a>\n\t\t\t\t\t\t<p class=\"et_pb_gallery_caption\">Orman sa strujnim transformatorima<\/p>\n\t\t\t\t\t<\/li><li class=\"et_gallery_item et_pb_gallery_image\">\n\t\t\t\t\t\t<a href=\"https:\/\/www.feman.net\/eng\/wp-content\/uploads\/2022\/05\/18-MRO-1.png\" title=\"18-MRO 1\">\n\t\t\t\t\t\t\t<span class=\"et_portfolio_image\">\n\t\t\t\t\t\t\t\t<img loading=\"lazy\" decoding=\"async\" width=\"300\" height=\"284\" src=\"https:\/\/www.feman.net\/eng\/wp-content\/uploads\/2022\/05\/18-MRO-1-300x284.png\" class=\"attachment-et-pb-portfolio-image size-et-pb-portfolio-image\" alt=\"\" \/>\n\t\t\t\t\t\t\t\t<span class=\"et_overlay\"><\/span>\n\t\t\t\t\t\t\t<\/span>\n\t\t\t\t\t\t<\/a>\n\t\t\t\t\t\t<p class=\"et_pb_gallery_caption\">Orman sa priklju\u0107nim priborom<\/p>\n\t\t\t\t\t<\/li><li class=\"et_gallery_item et_pb_gallery_image\">\n\t\t\t\t\t\t<a href=\"https:\/\/www.feman.net\/eng\/wp-content\/uploads\/2022\/05\/19-MRO-1.png\" title=\"19-MRO 1\">\n\t\t\t\t\t\t\t<span class=\"et_portfolio_image\">\n\t\t\t\t\t\t\t\t<img loading=\"lazy\" decoding=\"async\" width=\"300\" height=\"284\" src=\"https:\/\/www.feman.net\/eng\/wp-content\/uploads\/2022\/05\/19-MRO-1-300x284.png\" class=\"attachment-et-pb-portfolio-image size-et-pb-portfolio-image\" alt=\"\" \/>\n\t\t\t\t\t\t\t\t<span class=\"et_overlay\"><\/span>\n\t\t\t\t\t\t\t<\/span>\n\t\t\t\t\t\t<\/a>\n\t\t\t\t\t\t<p class=\"et_pb_gallery_caption\">Unutra\u0161njost ormana\nsa priklju\u010dnim priborom\n<\/p>\n\t\t\t\t\t<\/li>\n\t\t\t\t<\/ul>\r\n<h4><\/h4>\r\n<h4><\/h4>\r\n<h4><\/h4>\r\n<h4><\/h4>\r\n<h4>Mogu se koristiti kao merni, merno-komadni, za uli\u010dnu rasvetu, razvodni, komadni ormani za automatiku u pogonima itd.<\/h4>","protected":false},"excerpt":{"rendered":"","protected":false},"featured_media":266882,"comment_status":"open","ping_status":"closed","template":"","meta":[],"product_brand":[],"product_cat":[226,227],"product_tag":[],"class_list":{"0":"post-266866","1":"product","2":"type-product","3":"status-publish","4":"has-post-thumbnail","6":"product_cat-ormani-karakteristike","7":"product_cat-ormani-mro1","9":"first","10":"instock","11":"shipping-taxable","12":"product-type-simple"},"_links":{"self":[{"href":"https:\/\/www.feman.net\/eng\/index.php?rest_route=\/wp\/v2\/product\/266866","targetHints":{"allow":["GET"]}}],"collection":[{"href":"https:\/\/www.feman.net\/eng\/index.php?rest_route=\/wp\/v2\/product"}],"about":[{"href":"https:\/\/www.feman.net\/eng\/index.php?rest_route=\/wp\/v2\/types\/product"}],"replies":[{"embeddable":true,"href":"https:\/\/www.feman.net\/eng\/index.php?rest_route=%2Fwp%2Fv2%2Fcomments&post=266866"}],"wp:featuredmedia":[{"embeddable":true,"href":"https:\/\/www.feman.net\/eng\/index.php?rest_route=\/wp\/v2\/media\/266882"}],"wp:attachment":[{"href":"https:\/\/www.feman.net\/eng\/index.php?rest_route=%2Fwp%2Fv2%2Fmedia&parent=266866"}],"wp:term":[{"taxonomy":"product_brand","embeddable":true,"href":"https:\/\/www.feman.net\/eng\/index.php?rest_route=%2Fwp%2Fv2%2Fproduct_brand&post=266866"},{"taxonomy":"product_cat","embeddable":true,"href":"https:\/\/www.feman.net\/eng\/index.php?rest_route=%2Fwp%2Fv2%2Fproduct_cat&post=266866"},{"taxonomy":"product_tag","embeddable":true,"href":"https:\/\/www.feman.net\/eng\/index.php?rest_route=%2Fwp%2Fv2%2Fproduct_tag&post=266866"}],"curies":[{"name":"wp","href":"https:\/\/api.w.org\/{rel}","templated":true}]}}