{"id":267552,"date":"2022-06-14T19:56:44","date_gmt":"2022-06-14T19:56:44","guid":{"rendered":"http:\/\/www.feman-jagodina.feman.co.rs\/?post_type=product&#038;p=267552"},"modified":"2022-11-23T20:57:59","modified_gmt":"2022-11-23T20:57:59","slug":"hidraulicne-makaze-za-seccenje-kablova-fhm-50","status":"publish","type":"product","link":"https:\/\/www.feman.net\/eng\/?product=hidraulicne-makaze-za-seccenje-kablova-fhm-50","title":{"rendered":"HIDRAULICNE MAKAZE ZA SE\u010cCENJE KABLOVA  FHM-50"},"content":{"rendered":"<p><img loading=\"lazy\" decoding=\"async\" class=\"alignnone wp-image-267553\" src=\"http:\/\/www.feman.net\/wp-content\/uploads\/2022\/06\/1-FHM50.png\" alt=\"\" width=\"329\" height=\"221\" srcset=\"https:\/\/www.feman.net\/eng\/wp-content\/uploads\/2022\/06\/1-FHM50.png 893w, https:\/\/www.feman.net\/eng\/wp-content\/uploads\/2022\/06\/1-FHM50-300x202.png 300w, https:\/\/www.feman.net\/eng\/wp-content\/uploads\/2022\/06\/1-FHM50-768x516.png 768w, https:\/\/www.feman.net\/eng\/wp-content\/uploads\/2022\/06\/1-FHM50-480x323.png 480w, https:\/\/www.feman.net\/eng\/wp-content\/uploads\/2022\/06\/1-FHM50-600x403.png 600w\" sizes=\"(max-width: 329px) 100vw, 329px\" \/><\/p>\n<p style=\"text-align: justify;\">Namenjena je za se\u010denje\u00a0 AI i Cu\u00a0 kablova maksimalnog pre\u010dnika\u00a0 50mm. Hidrauli\u010dne makaze se priklju\u010duju na hidrauli\u010dnu ili elektri\u010dnu pumpu koje se preporu\u010duju posebno. Za pogon se koristi elektri\u010dna pumpa ili ru\u010dno-no\u017ena hidrauli\u010dna pumpa.<\/p>\n<p>Du\u017eina:\u00a0\u00a0\u00a0\u00a0\u00a0\u00a0\u00a0\u00a0 340mm<br \/>\nTe\u017eina:\u00a0\u00a0\u00a0\u00a0\u00a0\u00a0\u00a0 \u00a0 6kg<br \/>\nKodni broj:\u00a0 1870399<\/p>\n<p>&nbsp;<\/p>\n","protected":false},"excerpt":{"rendered":"<p>Namenjena je za se\u010denje\u00a0 AI i Cu\u00a0 kablova maksimalnog pre\u010dnika\u00a0 50mm. Hidrauli\u010dne makaze se priklju\u010duju na hidrauli\u010dnu ili elektri\u010dnu pumpu koje se preporu\u010duju posebno. Za pogon se koristi elektri\u010dna pumpa ili ru\u010dno-no\u017ena hidrauli\u010dna pumpa. Du\u017eina:\u00a0\u00a0\u00a0\u00a0\u00a0\u00a0\u00a0\u00a0 340mm Te\u017eina:\u00a0\u00a0\u00a0\u00a0\u00a0\u00a0\u00a0 \u00a0 6kg Kodni broj:\u00a0 1870399 &nbsp;<\/p>\n","protected":false},"featured_media":267554,"comment_status":"closed","ping_status":"closed","template":"","meta":[],"product_brand":[],"product_cat":[216,218],"product_tag":[],"class_list":{"0":"post-267552","1":"product","2":"type-product","3":"status-publish","4":"has-post-thumbnail","6":"product_cat-alati","7":"product_cat-makaze","9":"first","10":"instock","11":"shipping-taxable","12":"product-type-simple"},"_links":{"self":[{"href":"https:\/\/www.feman.net\/eng\/index.php?rest_route=\/wp\/v2\/product\/267552","targetHints":{"allow":["GET"]}}],"collection":[{"href":"https:\/\/www.feman.net\/eng\/index.php?rest_route=\/wp\/v2\/product"}],"about":[{"href":"https:\/\/www.feman.net\/eng\/index.php?rest_route=\/wp\/v2\/types\/product"}],"replies":[{"embeddable":true,"href":"https:\/\/www.feman.net\/eng\/index.php?rest_route=%2Fwp%2Fv2%2Fcomments&post=267552"}],"wp:featuredmedia":[{"embeddable":true,"href":"https:\/\/www.feman.net\/eng\/index.php?rest_route=\/wp\/v2\/media\/267554"}],"wp:attachment":[{"href":"https:\/\/www.feman.net\/eng\/index.php?rest_route=%2Fwp%2Fv2%2Fmedia&parent=267552"}],"wp:term":[{"taxonomy":"product_brand","embeddable":true,"href":"https:\/\/www.feman.net\/eng\/index.php?rest_route=%2Fwp%2Fv2%2Fproduct_brand&post=267552"},{"taxonomy":"product_cat","embeddable":true,"href":"https:\/\/www.feman.net\/eng\/index.php?rest_route=%2Fwp%2Fv2%2Fproduct_cat&post=267552"},{"taxonomy":"product_tag","embeddable":true,"href":"https:\/\/www.feman.net\/eng\/index.php?rest_route=%2Fwp%2Fv2%2Fproduct_tag&post=267552"}],"curies":[{"name":"wp","href":"https:\/\/api.w.org\/{rel}","templated":true}]}}