{"id":2961,"date":"2015-04-08T12:28:37","date_gmt":"2015-04-08T12:28:37","guid":{"rendered":"http:\/\/feman.net\/?p=2961"},"modified":"2022-06-15T18:49:39","modified_gmt":"2022-06-15T18:49:39","slug":"rucni-zavojni-alat-za-probijanje-limova-fap-60-komplet","status":"publish","type":"product","link":"https:\/\/www.feman.net\/eng\/?product=rucni-zavojni-alat-za-probijanje-limova-fap-60-komplet","title":{"rendered":"RU\u010cNI ZAVOJNI ALAT ZA PROBIJANJE LIMOVA FAP-60 (KOMPLET)"},"content":{"rendered":"<p>Alat je namenjen za probijanje limova na komandnim tablama \u2013 pultovima za uvodnice, kontrolne instrumente, lampe, prekida\u010de i dr. Primenom FRAP \u2013 60 alatom mogu se prosecati limovi do 2 mm debljine.Komplet FRAP \u2013 60 sadr\u017ei: Okrugle plobija\u010de:\u00f822, \u00f827,5,\u00f834,3,\u00f843,\u00f849,\u00f860,8,; malu osovinu, veliku osovinu, gedora k.ju\u010d i plasti\u010dni kofer.<\/p>\n<p><strong>Te\u017eina: 4,80 kg<br \/>\n<\/strong><strong>Kodni broj: 1800009<\/strong><\/p>\n<p><img loading=\"lazy\" decoding=\"async\" class=\"alignnone wp-image-267591\" src=\"http:\/\/www.feman.net\/wp-content\/uploads\/2015\/04\/RUCNI-ALAT-FAP-60.jpg\" alt=\"\" width=\"413\" height=\"470\" srcset=\"https:\/\/www.feman.net\/eng\/wp-content\/uploads\/2015\/04\/RUCNI-ALAT-FAP-60.jpg 584w, https:\/\/www.feman.net\/eng\/wp-content\/uploads\/2015\/04\/RUCNI-ALAT-FAP-60-300x342.jpg 300w, https:\/\/www.feman.net\/eng\/wp-content\/uploads\/2015\/04\/RUCNI-ALAT-FAP-60-480x547.jpg 480w\" sizes=\"(max-width: 413px) 100vw, 413px\" \/> \u00a0\u00a0\u00a0\u00a0 \u00a0 \u00a0 \u00a0\u00a0 <img loading=\"lazy\" decoding=\"async\" class=\"alignnone size-full wp-image-267592\" src=\"http:\/\/www.feman.net\/wp-content\/uploads\/2015\/04\/1-RUCNI-ALAT-FAP-60.jpg\" alt=\"\" width=\"390\" height=\"459\" srcset=\"https:\/\/www.feman.net\/eng\/wp-content\/uploads\/2015\/04\/1-RUCNI-ALAT-FAP-60.jpg 390w, https:\/\/www.feman.net\/eng\/wp-content\/uploads\/2015\/04\/1-RUCNI-ALAT-FAP-60-300x353.jpg 300w\" sizes=\"(max-width: 390px) 100vw, 390px\" \/><\/p>\n<p>&nbsp;<\/p>\n<p>&nbsp;<\/p>\n<p><img loading=\"lazy\" decoding=\"async\" class=\"wp-image-267593 aligncenter\" src=\"http:\/\/www.feman.net\/wp-content\/uploads\/2015\/04\/3-RUCNI-ALAT-FAP-60.jpg\" alt=\"\" width=\"490\" height=\"191\" srcset=\"https:\/\/www.feman.net\/eng\/wp-content\/uploads\/2015\/04\/3-RUCNI-ALAT-FAP-60.jpg 718w, https:\/\/www.feman.net\/eng\/wp-content\/uploads\/2015\/04\/3-RUCNI-ALAT-FAP-60-300x117.jpg 300w, https:\/\/www.feman.net\/eng\/wp-content\/uploads\/2015\/04\/3-RUCNI-ALAT-FAP-60-480x187.jpg 480w, https:\/\/www.feman.net\/eng\/wp-content\/uploads\/2015\/04\/3-RUCNI-ALAT-FAP-60-600x234.jpg 600w\" sizes=\"(max-width: 490px) 100vw, 490px\" \/><\/p>\n<p>&nbsp;<\/p>\n<p>&nbsp;<\/p>\n<p>&nbsp;<\/p>\n<p>&nbsp;<\/p>\n<p>&nbsp;<\/p>\n<p>&nbsp;<\/p>\n<p>&nbsp;<\/p>\n<p>&nbsp;<\/p>\n<p>&nbsp;<\/p>\n<p>&nbsp;<\/p>\n<p>&nbsp;<\/p>\n<p>&nbsp;<\/p>\n","protected":false},"excerpt":{"rendered":"<p>Alat je namenjen za probijanje limova na komandnim tablama \u2013 pultovima za uvodnice, kontrolne instrumente, lampe, prekida\u010de i dr. Primenom FRAP \u2013 60 alatom mogu se prosecati limovi do 2 mm debljine.Komplet FRAP \u2013 60 sadr\u017ei: Okrugle plobija\u010de:\u00f822, \u00f827,5,\u00f834,3,\u00f843,\u00f849,\u00f860,8,; malu osovinu, veliku osovinu, gedora k.ju\u010d i plasti\u010dni kofer. Te\u017eina: 4,80 kg Kodni broj: 1800009 \u00a0\u00a0\u00a0\u00a0 [&hellip;]<\/p>\n","protected":false},"featured_media":267594,"comment_status":"closed","ping_status":"closed","template":"","meta":[],"product_brand":[],"product_cat":[216,222],"product_tag":[],"class_list":{"0":"post-2961","1":"product","2":"type-product","3":"status-publish","4":"has-post-thumbnail","6":"product_cat-alati","7":"product_cat-alati-ostalo","9":"first","10":"instock","11":"shipping-taxable","12":"product-type-simple"},"_links":{"self":[{"href":"https:\/\/www.feman.net\/eng\/index.php?rest_route=\/wp\/v2\/product\/2961","targetHints":{"allow":["GET"]}}],"collection":[{"href":"https:\/\/www.feman.net\/eng\/index.php?rest_route=\/wp\/v2\/product"}],"about":[{"href":"https:\/\/www.feman.net\/eng\/index.php?rest_route=\/wp\/v2\/types\/product"}],"replies":[{"embeddable":true,"href":"https:\/\/www.feman.net\/eng\/index.php?rest_route=%2Fwp%2Fv2%2Fcomments&post=2961"}],"wp:featuredmedia":[{"embeddable":true,"href":"https:\/\/www.feman.net\/eng\/index.php?rest_route=\/wp\/v2\/media\/267594"}],"wp:attachment":[{"href":"https:\/\/www.feman.net\/eng\/index.php?rest_route=%2Fwp%2Fv2%2Fmedia&parent=2961"}],"wp:term":[{"taxonomy":"product_brand","embeddable":true,"href":"https:\/\/www.feman.net\/eng\/index.php?rest_route=%2Fwp%2Fv2%2Fproduct_brand&post=2961"},{"taxonomy":"product_cat","embeddable":true,"href":"https:\/\/www.feman.net\/eng\/index.php?rest_route=%2Fwp%2Fv2%2Fproduct_cat&post=2961"},{"taxonomy":"product_tag","embeddable":true,"href":"https:\/\/www.feman.net\/eng\/index.php?rest_route=%2Fwp%2Fv2%2Fproduct_tag&post=2961"}],"curies":[{"name":"wp","href":"https:\/\/api.w.org\/{rel}","templated":true}]}}