{"id":2965,"date":"2015-04-09T05:18:45","date_gmt":"2015-04-09T05:18:45","guid":{"rendered":"http:\/\/feman.net\/?p=2965"},"modified":"2022-11-23T19:59:53","modified_gmt":"2022-11-23T19:59:53","slug":"rucna-hidraulicna-presa-za-probijanje-limova-frhpp-60","status":"publish","type":"product","link":"https:\/\/www.feman.net\/eng\/?product=rucna-hidraulicna-presa-za-probijanje-limova-frhpp-60","title":{"rendered":"RU\u010cNA HIDRAULI\u010cNA PRESA ZA PROBIJANJE LIMOVA FRHPP-60"},"content":{"rendered":"<p><a href=\"http:\/\/www.feman.net\/wp-content\/uploads\/2015\/03\/21-42.png\"><img loading=\"lazy\" decoding=\"async\" class=\"wp-image-1909 size-medium alignnone\" src=\"http:\/\/www.feman.net\/wp-content\/uploads\/2015\/03\/21-42-286x300.png\" alt=\"RU\u010cNA HIDRAULI\u010cNA PRESA ZA PROBIJANJE LIMOVA FRHPP-60\" width=\"286\" height=\"300\" srcset=\"https:\/\/www.feman.net\/eng\/wp-content\/uploads\/2015\/03\/21-42-286x300.png 286w, https:\/\/www.feman.net\/eng\/wp-content\/uploads\/2015\/03\/21-42-300x314.png 300w, https:\/\/www.feman.net\/eng\/wp-content\/uploads\/2015\/03\/21-42-150x157.png 150w, https:\/\/www.feman.net\/eng\/wp-content\/uploads\/2015\/03\/21-42.png 442w\" sizes=\"(max-width: 286px) 100vw, 286px\" \/> \u00a0 \u00a0 \u00a0 \u00a0 \u00a0 \u00a0 <\/a><a href=\"http:\/\/www.feman.net\/wp-content\/uploads\/2015\/03\/21-51.png\"><img loading=\"lazy\" decoding=\"async\" class=\"wp-image-1910 size-medium alignnone\" src=\"http:\/\/www.feman.net\/wp-content\/uploads\/2015\/03\/21-51-132x300.png\" alt=\"RU\u010cNA HIDRAULI\u010cNA PRESA ZA PROBIJANJE LIMOVA FRHPP-60\" width=\"132\" height=\"300\" srcset=\"https:\/\/www.feman.net\/eng\/wp-content\/uploads\/2015\/03\/21-51-132x300.png 132w, https:\/\/www.feman.net\/eng\/wp-content\/uploads\/2015\/03\/21-51-150x342.png 150w, https:\/\/www.feman.net\/eng\/wp-content\/uploads\/2015\/03\/21-51.png 213w\" sizes=\"(max-width: 132px) 100vw, 132px\" \/><\/a><\/p>\n<p style=\"text-align: justify;\">Ru\u010dna hidrauli\u010dna glava sa ugradjenom hidrauli\u010dnom pumpom visokog pritiska namenjena je za probijanje limova na komadnim tablama &#8211; pultovima za uvodnike, kontrolne instrument, lampe, prekida\u010de i drugo. Sa FRHPP-60 mogu se presecati limovi do 2 mm debljine. Njenom primenom \u0161tedi se vreme, posti\u017ee se velika preciznost, kvalitet i estetski izgled. Isporu\u010duje se u koferu sa probojcima \u00f82 2 , \u00f827,5, \u00f834,3, \u00f843, \u00f849, \u00f860, 8.<\/p>\n<ul>\n<li>Te\u017eina prese: 3,5 kg<\/li>\n<li>Kodni Broj Kompleta:1850070<\/li>\n<\/ul>\n<p>&nbsp;<\/p>\n<p>&nbsp;<\/p>\n<p>&nbsp;<\/p>\n<p>&nbsp;<\/p>\n<p>&nbsp;<\/p>\n<p>&nbsp;<\/p>\n<p>&nbsp;<\/p>\n<p>&nbsp;<\/p>\n<p>&nbsp;<\/p>\n<p>&nbsp;<\/p>\n<p>&nbsp;<\/p>\n","protected":false},"excerpt":{"rendered":"<p>\u00a0 \u00a0 \u00a0 \u00a0 \u00a0 \u00a0 Ru\u010dna hidrauli\u010dna glava sa ugradjenom hidrauli\u010dnom pumpom visokog pritiska namenjena je za probijanje limova na komadnim tablama &#8211; pultovima za uvodnike, kontrolne instrument, lampe, prekida\u010de i drugo. Sa FRHPP-60 mogu se presecati limovi do 2 mm debljine. Njenom primenom \u0161tedi se vreme, posti\u017ee se velika preciznost, kvalitet i estetski [&hellip;]<\/p>\n","protected":false},"featured_media":267596,"comment_status":"closed","ping_status":"closed","template":"","meta":[],"product_brand":[],"product_cat":[219],"product_tag":[],"class_list":{"0":"post-2965","1":"product","2":"type-product","3":"status-publish","4":"has-post-thumbnail","6":"product_cat-prese","8":"first","9":"instock","10":"shipping-taxable","11":"product-type-simple"},"_links":{"self":[{"href":"https:\/\/www.feman.net\/eng\/index.php?rest_route=\/wp\/v2\/product\/2965","targetHints":{"allow":["GET"]}}],"collection":[{"href":"https:\/\/www.feman.net\/eng\/index.php?rest_route=\/wp\/v2\/product"}],"about":[{"href":"https:\/\/www.feman.net\/eng\/index.php?rest_route=\/wp\/v2\/types\/product"}],"replies":[{"embeddable":true,"href":"https:\/\/www.feman.net\/eng\/index.php?rest_route=%2Fwp%2Fv2%2Fcomments&post=2965"}],"wp:featuredmedia":[{"embeddable":true,"href":"https:\/\/www.feman.net\/eng\/index.php?rest_route=\/wp\/v2\/media\/267596"}],"wp:attachment":[{"href":"https:\/\/www.feman.net\/eng\/index.php?rest_route=%2Fwp%2Fv2%2Fmedia&parent=2965"}],"wp:term":[{"taxonomy":"product_brand","embeddable":true,"href":"https:\/\/www.feman.net\/eng\/index.php?rest_route=%2Fwp%2Fv2%2Fproduct_brand&post=2965"},{"taxonomy":"product_cat","embeddable":true,"href":"https:\/\/www.feman.net\/eng\/index.php?rest_route=%2Fwp%2Fv2%2Fproduct_cat&post=2965"},{"taxonomy":"product_tag","embeddable":true,"href":"https:\/\/www.feman.net\/eng\/index.php?rest_route=%2Fwp%2Fv2%2Fproduct_tag&post=2965"}],"curies":[{"name":"wp","href":"https:\/\/api.w.org\/{rel}","templated":true}]}}