{"id":3294,"date":"2015-04-14T09:10:10","date_gmt":"2015-04-14T09:10:10","guid":{"rendered":"http:\/\/feman.net\/?p=3294"},"modified":"2022-11-23T22:30:04","modified_gmt":"2022-11-23T22:30:04","slug":"fepo-obujmice","status":"publish","type":"product","link":"https:\/\/www.feman.net\/eng\/?product=fepo-obujmice","title":{"rendered":"FEPO OBUJMICE"},"content":{"rendered":"<p><a href=\"http:\/\/www.feman.net\/wp-content\/uploads\/2015\/03\/11-24.png\"><img loading=\"lazy\" decoding=\"async\" class=\"alignnone wp-image-1722\" src=\"http:\/\/www.feman.net\/wp-content\/uploads\/2015\/03\/11-24-1024x433.png\" alt=\"FEPO OBUJMICE\" width=\"317\" height=\"134\" srcset=\"https:\/\/www.feman.net\/eng\/wp-content\/uploads\/2015\/03\/11-24-1024x433.png 1024w, https:\/\/www.feman.net\/eng\/wp-content\/uploads\/2015\/03\/11-24-300x127.png 300w, https:\/\/www.feman.net\/eng\/wp-content\/uploads\/2015\/03\/11-24-600x254.png 600w, https:\/\/www.feman.net\/eng\/wp-content\/uploads\/2015\/03\/11-24-150x63.png 150w, https:\/\/www.feman.net\/eng\/wp-content\/uploads\/2015\/03\/11-24.png 1448w\" sizes=\"(max-width: 317px) 100vw, 317px\" \/><\/a><\/p>\n<p>Koriste se za izvo\u0111enje el.instalacija na zidu, tj. za polaganje FIN instalacionih cevi. Izra\u0111ene su od specijalne samogasive termoplasti\u010dne mase i mogu se nizati jedna na drugu.<\/p>\n<table style=\"height: 123px; width: 74.3825%;\" width=\"556\">\n<tbody>\n<tr style=\"height: 23px; background-color: #c8e4f7;\">\n<td style=\"height: 23px; text-align: center;\">Kodni broj<\/td>\n<td style=\"height: 23px; text-align: center;\">Za FIN cevi<\/td>\n<td style=\"height: 23px; text-align: center;\">Pre\u010dnik otvora mm<\/td>\n<td style=\"height: 23px; text-align: center;\">Pakovanje kom<\/td>\n<td style=\"height: 23px; text-align: center;\">Te\u017eina kg\/100kom<\/td>\n<\/tr>\n<tr style=\"height: 23px;\">\n<td style=\"height: 23px; text-align: center;\">5340011<\/td>\n<td style=\"height: 23px; text-align: center;\">Pg 11<\/td>\n<td style=\"height: 23px; text-align: center;\">18,6<\/td>\n<td style=\"height: 23px; text-align: center;\">100<\/td>\n<td style=\"height: 23px; text-align: center;\">0,60<\/td>\n<\/tr>\n<tr style=\"height: 23px;\">\n<td style=\"height: 23px; text-align: center;\">5340013<\/td>\n<td style=\"height: 23px; text-align: center;\">Pg 13,5<\/td>\n<td style=\"height: 23px; text-align: center;\">20,4<\/td>\n<td style=\"height: 23px; text-align: center;\">100<\/td>\n<td style=\"height: 23px; text-align: center;\">0,70<\/td>\n<\/tr>\n<tr style=\"height: 23px;\">\n<td style=\"height: 23px; text-align: center;\">5340016<\/td>\n<td style=\"height: 23px; text-align: center;\">Pg 16<\/td>\n<td style=\"height: 23px; text-align: center;\">22,5<\/td>\n<td style=\"height: 23px; text-align: center;\">100<\/td>\n<td style=\"height: 23px; text-align: center;\">0,80<\/td>\n<\/tr>\n<tr style=\"height: 23px;\">\n<td style=\"height: 23px; text-align: center;\">5340021<\/td>\n<td style=\"height: 23px; text-align: center;\">Pg 21<\/td>\n<td style=\"height: 23px; text-align: center;\">28,3<\/td>\n<td style=\"height: 23px; text-align: center;\">100<\/td>\n<td style=\"height: 23px; text-align: center;\">1,00<\/td>\n<\/tr>\n<tr style=\"height: 23px;\">\n<td style=\"height: 23px; text-align: center;\">5340029<\/td>\n<td style=\"height: 23px; text-align: center;\">Pg 29<\/td>\n<td style=\"height: 23px; text-align: center;\">37<\/td>\n<td style=\"height: 23px; text-align: center;\">50<\/td>\n<td style=\"height: 23px; text-align: center;\">1,3<\/td>\n<\/tr>\n<tr style=\"height: 23px;\">\n<td style=\"height: 23px; text-align: center;\">5340036<\/td>\n<td style=\"height: 23px; text-align: center;\">Pg 36<\/td>\n<td style=\"height: 23px; text-align: center;\">47<\/td>\n<td style=\"height: 23px; text-align: center;\">25<\/td>\n<td style=\"height: 23px; text-align: center;\">1,5<\/td>\n<\/tr>\n<tr style=\"height: 23px;\">\n<td style=\"height: 23px; text-align: center;\">5340042<\/td>\n<td style=\"height: 23px; text-align: center;\">Pg 42<\/td>\n<td style=\"height: 23px; text-align: center;\">54<\/td>\n<td style=\"height: 23px; text-align: center;\">25<\/td>\n<td style=\"height: 23px; text-align: center;\">1,7<\/td>\n<\/tr>\n<tr style=\"height: 23px;\">\n<td style=\"height: 23px; text-align: center;\">5340048<\/td>\n<td style=\"height: 23px; text-align: center;\">Pg 48<\/td>\n<td style=\"height: 23px; text-align: center;\">59,5<\/td>\n<td style=\"height: 23px; text-align: center;\">25<\/td>\n<td style=\"height: 23px; text-align: center;\">2<\/td>\n<\/tr>\n<tr style=\"height: 23px;\">\n<td style=\"height: 23px; text-align: center;\">5340316<\/td>\n<td style=\"height: 23px; text-align: center;\">M &#8211; 16<\/td>\n<td style=\"height: 23px; text-align: center;\">16<\/td>\n<td style=\"height: 23px; text-align: center;\">100<\/td>\n<td style=\"height: 23px; text-align: center;\">0,5<\/td>\n<\/tr>\n<tr style=\"height: 23px;\">\n<td style=\"height: 23px; text-align: center;\">5340320<\/td>\n<td style=\"height: 23px; text-align: center;\">M &#8211; 20<\/td>\n<td style=\"height: 23px; text-align: center;\">20<\/td>\n<td style=\"height: 23px; text-align: center;\">100<\/td>\n<td style=\"height: 23px; text-align: center;\">0,7<\/td>\n<\/tr>\n<tr style=\"height: 23px;\">\n<td style=\"height: 23px; text-align: center;\">5340325<\/td>\n<td style=\"height: 23px; text-align: center;\">M &#8211; 25<\/td>\n<td style=\"height: 23px; text-align: center;\">25<\/td>\n<td style=\"height: 23px; text-align: center;\">100<\/td>\n<td style=\"height: 23px; text-align: center;\">0,9<\/td>\n<\/tr>\n<tr style=\"height: 23px;\">\n<td style=\"height: 23px; text-align: center;\">5340332<\/td>\n<td style=\"height: 23px; text-align: center;\">M &#8211; 32<\/td>\n<td style=\"height: 23px; text-align: center;\">32<\/td>\n<td style=\"height: 23px; text-align: center;\">50<\/td>\n<td style=\"height: 23px; text-align: center;\">1,2<\/td>\n<\/tr>\n<tr style=\"height: 23px;\">\n<td style=\"height: 23px; text-align: center;\">5340340<\/td>\n<td style=\"height: 23px; text-align: center;\">M &#8211; 40<\/td>\n<td style=\"height: 23px; text-align: center;\">40<\/td>\n<td style=\"height: 23px; text-align: center;\">50<\/td>\n<td style=\"height: 23px; text-align: center;\">1,4<\/td>\n<\/tr>\n<\/tbody>\n<\/table>\n<p>&nbsp;<\/p>\n<p><a href=\"http:\/\/www.feman.net\/wp-content\/uploads\/2015\/03\/11-32.png\"><img loading=\"lazy\" decoding=\"async\" class=\"alignnone wp-image-1723 \" src=\"http:\/\/www.feman.net\/wp-content\/uploads\/2015\/03\/11-32-300x226.png\" alt=\"11-3\" width=\"281\" height=\"211\" srcset=\"https:\/\/www.feman.net\/eng\/wp-content\/uploads\/2015\/03\/11-32-300x226.png 300w, https:\/\/www.feman.net\/eng\/wp-content\/uploads\/2015\/03\/11-32-600x451.png 600w, https:\/\/www.feman.net\/eng\/wp-content\/uploads\/2015\/03\/11-32-150x113.png 150w, https:\/\/www.feman.net\/eng\/wp-content\/uploads\/2015\/03\/11-32.png 851w\" sizes=\"(max-width: 281px) 100vw, 281px\" \/> \u00a0 \u00a0 \u00a0 \u00a0 <\/a><a href=\"http:\/\/www.feman.net\/wp-content\/uploads\/2015\/03\/11-5.png\"><img loading=\"lazy\" decoding=\"async\" class=\"alignnone wp-image-1725 \" src=\"http:\/\/www.feman.net\/wp-content\/uploads\/2015\/03\/11-5-300x225.png\" alt=\"11-5\" width=\"279\" height=\"209\" srcset=\"https:\/\/www.feman.net\/eng\/wp-content\/uploads\/2015\/03\/11-5-300x225.png 300w, https:\/\/www.feman.net\/eng\/wp-content\/uploads\/2015\/03\/11-5-600x450.png 600w, https:\/\/www.feman.net\/eng\/wp-content\/uploads\/2015\/03\/11-5-150x113.png 150w, https:\/\/www.feman.net\/eng\/wp-content\/uploads\/2015\/03\/11-5.png 844w\" sizes=\"(max-width: 279px) 100vw, 279px\" \/><\/a><a href=\"http:\/\/www.feman.net\/wp-content\/uploads\/2015\/03\/11-42.png\"> \u00a0\u00a0\u00a0\u00a0\u00a0\u00a0\u00a0\u00a0\u00a0 <img loading=\"lazy\" decoding=\"async\" class=\"wp-image-1724 alignnone\" src=\"http:\/\/www.feman.net\/wp-content\/uploads\/2015\/03\/11-42-300x300.png\" alt=\"11-4\" width=\"211\" height=\"211\" srcset=\"https:\/\/www.feman.net\/eng\/wp-content\/uploads\/2015\/03\/11-42-300x300.png 300w, https:\/\/www.feman.net\/eng\/wp-content\/uploads\/2015\/03\/11-42-100x100.png 100w, https:\/\/www.feman.net\/eng\/wp-content\/uploads\/2015\/03\/11-42-600x600.png 600w, https:\/\/www.feman.net\/eng\/wp-content\/uploads\/2015\/03\/11-42-150x150.png 150w, https:\/\/www.feman.net\/eng\/wp-content\/uploads\/2015\/03\/11-42.png 762w\" sizes=\"(max-width: 211px) 100vw, 211px\" \/><\/a><\/p>\n","protected":false},"excerpt":{"rendered":"<p>Koriste se za izvo\u0111enje el.instalacija na zidu, tj. za polaganje FIN instalacionih cevi. Izra\u0111ene su od specijalne samogasive termoplasti\u010dne mase i mogu se nizati jedna na drugu. Kodni broj Za FIN cevi Pre\u010dnik otvora mm Pakovanje kom Te\u017eina kg\/100kom 5340011 Pg 11 18,6 100 0,60 5340013 Pg 13,5 20,4 100 0,70 5340016 Pg 16 22,5 [&hellip;]<\/p>\n","protected":false},"featured_media":0,"comment_status":"closed","ping_status":"closed","template":"","meta":[],"product_brand":[],"product_cat":[203],"product_tag":[],"class_list":{"0":"post-3294","1":"product","2":"type-product","3":"status-publish","5":"product_cat-instalacioni-pribor-ostalo","7":"first","8":"instock","9":"shipping-taxable","10":"product-type-simple"},"_links":{"self":[{"href":"https:\/\/www.feman.net\/eng\/index.php?rest_route=\/wp\/v2\/product\/3294","targetHints":{"allow":["GET"]}}],"collection":[{"href":"https:\/\/www.feman.net\/eng\/index.php?rest_route=\/wp\/v2\/product"}],"about":[{"href":"https:\/\/www.feman.net\/eng\/index.php?rest_route=\/wp\/v2\/types\/product"}],"replies":[{"embeddable":true,"href":"https:\/\/www.feman.net\/eng\/index.php?rest_route=%2Fwp%2Fv2%2Fcomments&post=3294"}],"wp:attachment":[{"href":"https:\/\/www.feman.net\/eng\/index.php?rest_route=%2Fwp%2Fv2%2Fmedia&parent=3294"}],"wp:term":[{"taxonomy":"product_brand","embeddable":true,"href":"https:\/\/www.feman.net\/eng\/index.php?rest_route=%2Fwp%2Fv2%2Fproduct_brand&post=3294"},{"taxonomy":"product_cat","embeddable":true,"href":"https:\/\/www.feman.net\/eng\/index.php?rest_route=%2Fwp%2Fv2%2Fproduct_cat&post=3294"},{"taxonomy":"product_tag","embeddable":true,"href":"https:\/\/www.feman.net\/eng\/index.php?rest_route=%2Fwp%2Fv2%2Fproduct_tag&post=3294"}],"curies":[{"name":"wp","href":"https:\/\/api.w.org\/{rel}","templated":true}]}}