{"id":3390,"date":"2015-04-15T06:42:51","date_gmt":"2015-04-15T06:42:51","guid":{"rendered":"http:\/\/feman.net\/?p=3390"},"modified":"2022-03-19T14:34:49","modified_gmt":"2022-03-19T14:34:49","slug":"jednopolne-cu-sabirnice-za-osigurace-2","status":"publish","type":"product","link":"https:\/\/www.feman.net\/eng\/?product=jednopolne-cu-sabirnice-za-osigurace-2","title":{"rendered":"JEDNOPOLNE Cu SABIRNICE ZA OSIGURA\u010cE"},"content":{"rendered":"<p>U tablama je ugra\u0111ena &#8220;snap \u0161ina&#8221; za monta\u017eu automatskih osigura\u010da i porcelanskih osigura\u010da do 63 A.<\/p>\n<p><a href=\"http:\/\/www.feman.net\/wp-content\/uploads\/2015\/03\/21-22.png\"><img loading=\"lazy\" decoding=\"async\" class=\"alignnone wp-image-1766 size-medium\" src=\"http:\/\/www.feman.net\/wp-content\/uploads\/2015\/03\/21-22-300x259.png\" alt=\"JEDNOPOLNE Cu SABIRNICE ZA OSIGURA\u010cE\" width=\"300\" height=\"259\" srcset=\"https:\/\/www.feman.net\/eng\/wp-content\/uploads\/2015\/03\/21-22-300x259.png 300w, https:\/\/www.feman.net\/eng\/wp-content\/uploads\/2015\/03\/21-22-348x300.png 348w, https:\/\/www.feman.net\/eng\/wp-content\/uploads\/2015\/03\/21-22-150x129.png 150w, https:\/\/www.feman.net\/eng\/wp-content\/uploads\/2015\/03\/21-22.png 566w\" sizes=\"(max-width: 300px) 100vw, 300px\" \/><\/a><\/p>\n<p>&nbsp;<\/p>\n<table style=\"height: 167px;\" width=\"575\">\n<tbody>\n<tr>\n<td>Kodni broj<\/td>\n<td>Za osigura\u010de<\/td>\n<td>Du\u017eina mm<\/td>\n<td>Pakovanje kom<\/td>\n<td>Te\u017eina kg\/100kom<\/td>\n<\/tr>\n<tr>\n<td>5100125<\/td>\n<td>25 A<\/td>\n<td>200<\/td>\n<td>10<\/td>\n<td>14,24<\/td>\n<\/tr>\n<tr>\n<td>5100163<\/td>\n<td>63 A<\/td>\n<td>200<\/td>\n<td>10<\/td>\n<td>18,40<\/td>\n<\/tr>\n<tr>\n<td>5100170<\/td>\n<td>Autmatski<\/td>\n<td>216<\/td>\n<td>10<\/td>\n<td>13,60<\/td>\n<\/tr>\n<\/tbody>\n<\/table>\n<p>&nbsp;<\/p>\n","protected":false},"excerpt":{"rendered":"<p>U tablama je ugra\u0111ena &#8220;snap \u0161ina&#8221; za monta\u017eu automatskih osigura\u010da i porcelanskih osigura\u010da do 63 A. &nbsp; Kodni broj Za osigura\u010de Du\u017eina mm Pakovanje kom Te\u017eina kg\/100kom 5100125 25 A 200 10 14,24 5100163 63 A 200 10 18,40 5100170 Autmatski 216 10 13,60 &nbsp;<\/p>\n","protected":false},"featured_media":265814,"comment_status":"closed","ping_status":"closed","template":"","meta":[],"product_brand":[],"product_cat":[202],"product_tag":[],"class_list":{"0":"post-3390","1":"product","2":"type-product","3":"status-publish","4":"has-post-thumbnail","6":"product_cat-osiguraci","8":"first","9":"instock","10":"shipping-taxable","11":"product-type-simple"},"_links":{"self":[{"href":"https:\/\/www.feman.net\/eng\/index.php?rest_route=\/wp\/v2\/product\/3390","targetHints":{"allow":["GET"]}}],"collection":[{"href":"https:\/\/www.feman.net\/eng\/index.php?rest_route=\/wp\/v2\/product"}],"about":[{"href":"https:\/\/www.feman.net\/eng\/index.php?rest_route=\/wp\/v2\/types\/product"}],"replies":[{"embeddable":true,"href":"https:\/\/www.feman.net\/eng\/index.php?rest_route=%2Fwp%2Fv2%2Fcomments&post=3390"}],"wp:featuredmedia":[{"embeddable":true,"href":"https:\/\/www.feman.net\/eng\/index.php?rest_route=\/wp\/v2\/media\/265814"}],"wp:attachment":[{"href":"https:\/\/www.feman.net\/eng\/index.php?rest_route=%2Fwp%2Fv2%2Fmedia&parent=3390"}],"wp:term":[{"taxonomy":"product_brand","embeddable":true,"href":"https:\/\/www.feman.net\/eng\/index.php?rest_route=%2Fwp%2Fv2%2Fproduct_brand&post=3390"},{"taxonomy":"product_cat","embeddable":true,"href":"https:\/\/www.feman.net\/eng\/index.php?rest_route=%2Fwp%2Fv2%2Fproduct_cat&post=3390"},{"taxonomy":"product_tag","embeddable":true,"href":"https:\/\/www.feman.net\/eng\/index.php?rest_route=%2Fwp%2Fv2%2Fproduct_tag&post=3390"}],"curies":[{"name":"wp","href":"https:\/\/api.w.org\/{rel}","templated":true}]}}