{"id":3401,"date":"2015-04-15T07:05:02","date_gmt":"2015-04-15T07:05:02","guid":{"rendered":"http:\/\/feman.net\/?p=3401"},"modified":"2022-11-23T22:28:46","modified_gmt":"2022-11-23T22:28:46","slug":"kablovske-odstojne-obujmice","status":"publish","type":"product","link":"https:\/\/www.feman.net\/eng\/?product=kablovske-odstojne-obujmice","title":{"rendered":"KABLOVSKE ODSTOJNE OBUJMICE"},"content":{"rendered":"<p><a href=\"http:\/\/www.feman.net\/wp-content\/uploads\/2015\/03\/22-31.png\"><img loading=\"lazy\" decoding=\"async\" class=\"alignnone wp-image-1771 size-medium\" src=\"http:\/\/www.feman.net\/wp-content\/uploads\/2015\/03\/22-31-300x202.png\" alt=\"KABLOVSKE ODSTOJNE OBUJMICE\" width=\"300\" height=\"202\" srcset=\"https:\/\/www.feman.net\/eng\/wp-content\/uploads\/2015\/03\/22-31-300x202.png 300w, https:\/\/www.feman.net\/eng\/wp-content\/uploads\/2015\/03\/22-31-600x405.png 600w, https:\/\/www.feman.net\/eng\/wp-content\/uploads\/2015\/03\/22-31-150x101.png 150w, https:\/\/www.feman.net\/eng\/wp-content\/uploads\/2015\/03\/22-31.png 617w\" sizes=\"(max-width: 300px) 100vw, 300px\" \/><\/a><\/p>\n<p>Kablovske odstojne obujmice izra|ene su od polystirola. Konstrukcija omogu\u0107uje nizanje jedne pored druge. Pritiskom ozubljuje poklopac i time prilago|ava dr\u017eanje odgovaraju\u0107eg kabla.<\/p>\n<table style=\"height: 69px; width: 71.802%;\" width=\"606\">\n<tbody>\n<tr style=\"height: 23px; background-color: #c8e4f7;\">\n<td style=\"text-align: center; height: 23px;\">Kodni broj<\/td>\n<td style=\"text-align: center; height: 23px;\">Za kabl \u2205 mm<\/td>\n<td style=\"text-align: center; height: 23px;\">Pakovanje kom<\/td>\n<td style=\"text-align: center; height: 23px;\">Te\u017eina kg\/100kom<\/td>\n<\/tr>\n<tr style=\"height: 23px;\">\n<td style=\"text-align: center; height: 23px;\">1700018<\/td>\n<td style=\"text-align: center; height: 23px;\">11-18<\/td>\n<td style=\"text-align: center; height: 23px;\">100<\/td>\n<td style=\"text-align: center; height: 23px;\">0,35<\/td>\n<\/tr>\n<tr style=\"height: 23px;\">\n<td style=\"text-align: center; height: 23px;\">1700024<\/td>\n<td style=\"text-align: center; height: 23px;\">16-24<\/td>\n<td style=\"text-align: center; height: 23px;\">100<\/td>\n<td style=\"text-align: center; height: 23px;\">0,40<\/td>\n<\/tr>\n<\/tbody>\n<\/table>\n<p>&nbsp;<\/p>\n","protected":false},"excerpt":{"rendered":"<p>Kablovske odstojne obujmice izra|ene su od polystirola. Konstrukcija omogu\u0107uje nizanje jedne pored druge. Pritiskom ozubljuje poklopac i time prilago|ava dr\u017eanje odgovaraju\u0107eg kabla. Kodni broj Za kabl \u2205 mm Pakovanje kom Te\u017eina kg\/100kom 1700018 11-18 100 0,35 1700024 16-24 100 0,40 &nbsp;<\/p>\n","protected":false},"featured_media":0,"comment_status":"closed","ping_status":"closed","template":"","meta":[],"product_brand":[],"product_cat":[203],"product_tag":[],"class_list":{"0":"post-3401","1":"product","2":"type-product","3":"status-publish","5":"product_cat-instalacioni-pribor-ostalo","7":"first","8":"instock","9":"shipping-taxable","10":"product-type-simple"},"_links":{"self":[{"href":"https:\/\/www.feman.net\/eng\/index.php?rest_route=\/wp\/v2\/product\/3401","targetHints":{"allow":["GET"]}}],"collection":[{"href":"https:\/\/www.feman.net\/eng\/index.php?rest_route=\/wp\/v2\/product"}],"about":[{"href":"https:\/\/www.feman.net\/eng\/index.php?rest_route=\/wp\/v2\/types\/product"}],"replies":[{"embeddable":true,"href":"https:\/\/www.feman.net\/eng\/index.php?rest_route=%2Fwp%2Fv2%2Fcomments&post=3401"}],"wp:attachment":[{"href":"https:\/\/www.feman.net\/eng\/index.php?rest_route=%2Fwp%2Fv2%2Fmedia&parent=3401"}],"wp:term":[{"taxonomy":"product_brand","embeddable":true,"href":"https:\/\/www.feman.net\/eng\/index.php?rest_route=%2Fwp%2Fv2%2Fproduct_brand&post=3401"},{"taxonomy":"product_cat","embeddable":true,"href":"https:\/\/www.feman.net\/eng\/index.php?rest_route=%2Fwp%2Fv2%2Fproduct_cat&post=3401"},{"taxonomy":"product_tag","embeddable":true,"href":"https:\/\/www.feman.net\/eng\/index.php?rest_route=%2Fwp%2Fv2%2Fproduct_tag&post=3401"}],"curies":[{"name":"wp","href":"https:\/\/api.w.org\/{rel}","templated":true}]}}