{"id":3412,"date":"2015-04-15T08:14:31","date_gmt":"2015-04-15T08:14:31","guid":{"rendered":"http:\/\/feman.net\/?p=3412"},"modified":"2022-11-23T22:23:56","modified_gmt":"2022-11-23T22:23:56","slug":"nosaci-pvc-cevi","status":"publish","type":"product","link":"https:\/\/www.feman.net\/eng\/?product=nosaci-pvc-cevi","title":{"rendered":"NOSA\u010cI PVC CEVI"},"content":{"rendered":"<p><a href=\"http:\/\/www.feman.net\/wp-content\/uploads\/2015\/03\/24-5.png\"><img loading=\"lazy\" decoding=\"async\" class=\"alignnone wp-image-1784 \" src=\"http:\/\/www.feman.net\/wp-content\/uploads\/2015\/03\/24-5-300x183.png\" alt=\"NOSA\u010cI PVC CEVI\" width=\"248\" height=\"151\" srcset=\"https:\/\/www.feman.net\/eng\/wp-content\/uploads\/2015\/03\/24-5-300x183.png 300w, https:\/\/www.feman.net\/eng\/wp-content\/uploads\/2015\/03\/24-5-150x92.png 150w, https:\/\/www.feman.net\/eng\/wp-content\/uploads\/2015\/03\/24-5.png 306w\" sizes=\"(max-width: 248px) 100vw, 248px\" \/> \u00a0\u00a0\u00a0\u00a0\u00a0\u00a0 <\/a><a href=\"http:\/\/www.feman.net\/wp-content\/uploads\/2015\/03\/24-6.png\"><img loading=\"lazy\" decoding=\"async\" class=\"alignnone wp-image-1785 \" src=\"http:\/\/www.feman.net\/wp-content\/uploads\/2015\/03\/24-6-300x206.png\" alt=\"NOSA\u010cI PVC CEVI\" width=\"262\" height=\"180\" srcset=\"https:\/\/www.feman.net\/eng\/wp-content\/uploads\/2015\/03\/24-6-300x206.png 300w, https:\/\/www.feman.net\/eng\/wp-content\/uploads\/2015\/03\/24-6-150x103.png 150w, https:\/\/www.feman.net\/eng\/wp-content\/uploads\/2015\/03\/24-6.png 345w\" sizes=\"(max-width: 262px) 100vw, 262px\" \/><\/a><\/p>\n<p>Koristi se za paralelno fiksiranje dve i vi\u0161e cevi u rovu. Izra\u0111ujemo u varijantama za dve, \u010detiri i \u0161est cevi. Nizanjem nosa\u010da se mo\u017ee pove\u0107ati broj cevi.<\/p>\n<table style=\"height: 114px; width: 70.4506%;\" width=\"699\">\n<tbody>\n<tr style=\"background-color: #c8e4f7;\">\n<td style=\"text-align: center;\">Kodni broj<\/td>\n<td style=\"text-align: center;\">Tip broj cevi<\/td>\n<td style=\"text-align: center;\">Boja<\/td>\n<td style=\"text-align: center;\">A mm<\/td>\n<td style=\"text-align: center;\">b mm<\/td>\n<td style=\"text-align: center;\">C mm<\/td>\n<td style=\"text-align: center;\">D mm<\/td>\n<\/tr>\n<tr>\n<td style=\"text-align: center;\">5090015<\/td>\n<td style=\"text-align: center;\">2<\/td>\n<td style=\"text-align: center;\">\u017euta<\/td>\n<td style=\"text-align: center;\">139,5<\/td>\n<td style=\"text-align: center;\">137,5<\/td>\n<td style=\"text-align: center;\">182<\/td>\n<td style=\"text-align: center;\">159,5<\/td>\n<\/tr>\n<tr>\n<td style=\"text-align: center;\">5090016<\/td>\n<td style=\"text-align: center;\">2<\/td>\n<td style=\"text-align: center;\">oran\u017e<\/td>\n<td style=\"text-align: center;\">139,5<\/td>\n<td style=\"text-align: center;\">137,5<\/td>\n<td style=\"text-align: center;\">182<\/td>\n<td style=\"text-align: center;\">159,5<\/td>\n<\/tr>\n<tr>\n<td style=\"text-align: center;\">5090020<\/td>\n<td style=\"text-align: center;\">4<\/td>\n<td style=\"text-align: center;\">\u017euta<\/td>\n<td style=\"text-align: center;\">139,5<\/td>\n<td style=\"text-align: center;\">137,5<\/td>\n<td style=\"text-align: center;\">182<\/td>\n<td style=\"text-align: center;\">299<\/td>\n<\/tr>\n<tr>\n<td style=\"text-align: center;\">5090021<\/td>\n<td style=\"text-align: center;\">4<\/td>\n<td style=\"text-align: center;\">oran\u017e<\/td>\n<td style=\"text-align: center;\">139,5<\/td>\n<td style=\"text-align: center;\">137,5<\/td>\n<td style=\"text-align: center;\">182<\/td>\n<td style=\"text-align: center;\">299<\/td>\n<\/tr>\n<tr>\n<td style=\"text-align: center;\">5090025<\/td>\n<td style=\"text-align: center;\">6<\/td>\n<td style=\"text-align: center;\">\u017euta<\/td>\n<td style=\"text-align: center;\">139,5<\/td>\n<td style=\"text-align: center;\">137,5<\/td>\n<td style=\"text-align: center;\">182<\/td>\n<td style=\"text-align: center;\">458,5<\/td>\n<\/tr>\n<tr>\n<td style=\"text-align: center;\">5090026<\/td>\n<td style=\"text-align: center;\">6<\/td>\n<td style=\"text-align: center;\">oran\u017e<\/td>\n<td style=\"text-align: center;\">139,5<\/td>\n<td style=\"text-align: center;\">137,5<\/td>\n<td style=\"text-align: center;\">182<\/td>\n<td style=\"text-align: center;\">458,5<\/td>\n<\/tr>\n<\/tbody>\n<\/table>\n<p>&nbsp;<\/p>\n<p>&nbsp;<\/p>\n","protected":false},"excerpt":{"rendered":"<p>\u00a0\u00a0\u00a0\u00a0\u00a0\u00a0 Koristi se za paralelno fiksiranje dve i vi\u0161e cevi u rovu. Izra\u0111ujemo u varijantama za dve, \u010detiri i \u0161est cevi. Nizanjem nosa\u010da se mo\u017ee pove\u0107ati broj cevi. Kodni broj Tip broj cevi Boja A mm b mm C mm D mm 5090015 2 \u017euta 139,5 137,5 182 159,5 5090016 2 oran\u017e 139,5 137,5 182 [&hellip;]<\/p>\n","protected":false},"featured_media":265782,"comment_status":"closed","ping_status":"closed","template":"","meta":[],"product_brand":[],"product_cat":[199],"product_tag":[],"class_list":{"0":"post-3412","1":"product","2":"type-product","3":"status-publish","4":"has-post-thumbnail","6":"product_cat-cevi","8":"first","9":"instock","10":"shipping-taxable","11":"product-type-simple"},"_links":{"self":[{"href":"https:\/\/www.feman.net\/eng\/index.php?rest_route=\/wp\/v2\/product\/3412","targetHints":{"allow":["GET"]}}],"collection":[{"href":"https:\/\/www.feman.net\/eng\/index.php?rest_route=\/wp\/v2\/product"}],"about":[{"href":"https:\/\/www.feman.net\/eng\/index.php?rest_route=\/wp\/v2\/types\/product"}],"replies":[{"embeddable":true,"href":"https:\/\/www.feman.net\/eng\/index.php?rest_route=%2Fwp%2Fv2%2Fcomments&post=3412"}],"wp:featuredmedia":[{"embeddable":true,"href":"https:\/\/www.feman.net\/eng\/index.php?rest_route=\/wp\/v2\/media\/265782"}],"wp:attachment":[{"href":"https:\/\/www.feman.net\/eng\/index.php?rest_route=%2Fwp%2Fv2%2Fmedia&parent=3412"}],"wp:term":[{"taxonomy":"product_brand","embeddable":true,"href":"https:\/\/www.feman.net\/eng\/index.php?rest_route=%2Fwp%2Fv2%2Fproduct_brand&post=3412"},{"taxonomy":"product_cat","embeddable":true,"href":"https:\/\/www.feman.net\/eng\/index.php?rest_route=%2Fwp%2Fv2%2Fproduct_cat&post=3412"},{"taxonomy":"product_tag","embeddable":true,"href":"https:\/\/www.feman.net\/eng\/index.php?rest_route=%2Fwp%2Fv2%2Fproduct_tag&post=3412"}],"curies":[{"name":"wp","href":"https:\/\/api.w.org\/{rel}","templated":true}]}}