{"id":3431,"date":"2015-04-15T09:13:20","date_gmt":"2015-04-15T09:13:20","guid":{"rendered":"http:\/\/feman.net\/?p=3431"},"modified":"2022-11-23T21:39:07","modified_gmt":"2022-11-23T21:39:07","slug":"ugaona-spojnica-za-resetkasti-kanal","status":"publish","type":"product","link":"https:\/\/www.feman.net\/eng\/?product=ugaona-spojnica-za-resetkasti-kanal","title":{"rendered":"UGAONA SPOJNICA ZA RE\u0160ETKASTI KANAL"},"content":{"rendered":"<p><a href=\"http:\/\/www.feman.net\/wp-content\/uploads\/2015\/03\/26-5.png\"><img loading=\"lazy\" decoding=\"async\" class=\"alignnone wp-image-1798 size-medium\" src=\"http:\/\/www.feman.net\/wp-content\/uploads\/2015\/03\/26-5-300x179.png\" alt=\"UGAONA SPOJNICA ZA RE\u0160ETKASTI KANAL\" width=\"300\" height=\"179\" srcset=\"https:\/\/www.feman.net\/eng\/wp-content\/uploads\/2015\/03\/26-5-300x179.png 300w, https:\/\/www.feman.net\/eng\/wp-content\/uploads\/2015\/03\/26-5-600x358.png 600w, https:\/\/www.feman.net\/eng\/wp-content\/uploads\/2015\/03\/26-5-150x89.png 150w, https:\/\/www.feman.net\/eng\/wp-content\/uploads\/2015\/03\/26-5.png 649w\" sizes=\"(max-width: 300px) 100vw, 300px\" \/><\/a><\/p>\n<p>Koristi se kao dopuna re\u0161etkastog kanala u slu\u010daju kada trasa polo\u017eenog kabla menja smer u jednom pravcu. Izra\u0111uje se od visokokvalitetnog pocinkovanog lima.<\/p>\n<table style=\"height: 115px; width: 57.9586%;\" width=\"579\">\n<tbody>\n<tr style=\"height: 23px; background-color: #c8e4f7;\">\n<td style=\"text-align: center; height: 23px;\">Kodni broj<\/td>\n<td style=\"text-align: center; height: 23px;\">Tip<\/td>\n<td style=\"text-align: center; height: 23px;\">\u0160irina spoja mm<\/td>\n<td style=\"text-align: center; height: 23px;\">Visina mm<\/td>\n<td style=\"text-align: center; height: 23px;\">Debljina mm<\/td>\n<\/tr>\n<tr style=\"height: 23px;\">\n<td style=\"text-align: center; height: 23px;\">5100301<\/td>\n<td style=\"text-align: center; height: 23px;\">FRK 100-US<\/td>\n<td style=\"text-align: center; height: 23px;\">100<\/td>\n<td style=\"text-align: center; height: 23px;\">60<\/td>\n<td style=\"text-align: center; height: 23px;\">0,8<\/td>\n<\/tr>\n<tr style=\"height: 23px;\">\n<td style=\"text-align: center; height: 23px;\">5100302<\/td>\n<td style=\"text-align: center; height: 23px;\">FRK 200-US<\/td>\n<td style=\"text-align: center; height: 23px;\">200<\/td>\n<td style=\"text-align: center; height: 23px;\">60<\/td>\n<td style=\"text-align: center; height: 23px;\">0,8<\/td>\n<\/tr>\n<tr style=\"height: 23px;\">\n<td style=\"text-align: center; height: 23px;\">5100303<\/td>\n<td style=\"text-align: center; height: 23px;\">FRK 300-US<\/td>\n<td style=\"text-align: center; height: 23px;\">300<\/td>\n<td style=\"text-align: center; height: 23px;\">60<\/td>\n<td style=\"text-align: center; height: 23px;\">1<\/td>\n<\/tr>\n<tr style=\"height: 23px;\">\n<td style=\"text-align: center; height: 23px;\">5100304<\/td>\n<td style=\"text-align: center; height: 23px;\">FRK 400-US<\/td>\n<td style=\"text-align: center; height: 23px;\">400<\/td>\n<td style=\"text-align: center; height: 23px;\">60<\/td>\n<td style=\"text-align: center; height: 23px;\">1<\/td>\n<\/tr>\n<\/tbody>\n<\/table>\n<p>&nbsp;<\/p>\n","protected":false},"excerpt":{"rendered":"<p>Koristi se kao dopuna re\u0161etkastog kanala u slu\u010daju kada trasa polo\u017eenog kabla menja smer u jednom pravcu. Izra\u0111uje se od visokokvalitetnog pocinkovanog lima. Kodni broj Tip \u0160irina spoja mm Visina mm Debljina mm 5100301 FRK 100-US 100 60 0,8 5100302 FRK 200-US 200 60 0,8 5100303 FRK 300-US 300 60 1 5100304 FRK 400-US 400 [&hellip;]<\/p>\n","protected":false},"featured_media":265766,"comment_status":"closed","ping_status":"closed","template":"","meta":[],"product_brand":[],"product_cat":[200],"product_tag":[],"class_list":{"0":"post-3431","1":"product","2":"type-product","3":"status-publish","4":"has-post-thumbnail","6":"product_cat-kanali","8":"first","9":"instock","10":"shipping-taxable","11":"product-type-simple"},"_links":{"self":[{"href":"https:\/\/www.feman.net\/eng\/index.php?rest_route=\/wp\/v2\/product\/3431","targetHints":{"allow":["GET"]}}],"collection":[{"href":"https:\/\/www.feman.net\/eng\/index.php?rest_route=\/wp\/v2\/product"}],"about":[{"href":"https:\/\/www.feman.net\/eng\/index.php?rest_route=\/wp\/v2\/types\/product"}],"replies":[{"embeddable":true,"href":"https:\/\/www.feman.net\/eng\/index.php?rest_route=%2Fwp%2Fv2%2Fcomments&post=3431"}],"wp:featuredmedia":[{"embeddable":true,"href":"https:\/\/www.feman.net\/eng\/index.php?rest_route=\/wp\/v2\/media\/265766"}],"wp:attachment":[{"href":"https:\/\/www.feman.net\/eng\/index.php?rest_route=%2Fwp%2Fv2%2Fmedia&parent=3431"}],"wp:term":[{"taxonomy":"product_brand","embeddable":true,"href":"https:\/\/www.feman.net\/eng\/index.php?rest_route=%2Fwp%2Fv2%2Fproduct_brand&post=3431"},{"taxonomy":"product_cat","embeddable":true,"href":"https:\/\/www.feman.net\/eng\/index.php?rest_route=%2Fwp%2Fv2%2Fproduct_cat&post=3431"},{"taxonomy":"product_tag","embeddable":true,"href":"https:\/\/www.feman.net\/eng\/index.php?rest_route=%2Fwp%2Fv2%2Fproduct_tag&post=3431"}],"curies":[{"name":"wp","href":"https:\/\/api.w.org\/{rel}","templated":true}]}}