{"id":3436,"date":"2015-04-15T09:19:31","date_gmt":"2015-04-15T09:19:31","guid":{"rendered":"http:\/\/feman.net\/?p=3436"},"modified":"2022-11-23T21:39:58","modified_gmt":"2022-11-23T21:39:58","slug":"krstasta-spojnica-za-rsetkasti-kanal","status":"publish","type":"product","link":"https:\/\/www.feman.net\/eng\/?product=krstasta-spojnica-za-rsetkasti-kanal","title":{"rendered":"KRSTASTA SPOJNICA ZA R\u0160ETKASTI KANAL"},"content":{"rendered":"<p><a href=\"http:\/\/www.feman.net\/wp-content\/uploads\/2015\/03\/27-2.png\"><img loading=\"lazy\" decoding=\"async\" class=\"alignnone wp-image-1800 size-medium\" src=\"http:\/\/www.feman.net\/wp-content\/uploads\/2015\/03\/27-2-300x176.png\" alt=\"KRSTASTA SPOJNICA ZA R\u0160ETKASTI KANAL\" width=\"300\" height=\"176\" srcset=\"https:\/\/www.feman.net\/eng\/wp-content\/uploads\/2015\/03\/27-2-300x176.png 300w, https:\/\/www.feman.net\/eng\/wp-content\/uploads\/2015\/03\/27-2-600x352.png 600w, https:\/\/www.feman.net\/eng\/wp-content\/uploads\/2015\/03\/27-2-150x88.png 150w, https:\/\/www.feman.net\/eng\/wp-content\/uploads\/2015\/03\/27-2.png 653w\" sizes=\"(max-width: 300px) 100vw, 300px\" \/><\/a><\/p>\n<p>Koristi se kao dopuna re\u0161etkastog kanala u slu\u010daju kada postoji potreba kablovskkog razvoda u vi\u0161e pravaca. Izra\u0111uje se od visokokvalitetnog pocinkovanog lima.<\/p>\n<table style=\"height: 201px;\" width=\"634\">\n<tbody>\n<tr style=\"background-color: #c8e4f7;\">\n<td style=\"text-align: center;\">Kodni broj<\/td>\n<td style=\"text-align: center;\">Tip<\/td>\n<td style=\"text-align: center;\">\u0160irina spoja mm<\/td>\n<td style=\"text-align: center;\">Visina mm<\/td>\n<td style=\"text-align: center;\">Debljina mm<\/td>\n<\/tr>\n<tr>\n<td style=\"text-align: center;\">5100321<\/td>\n<td style=\"text-align: center;\">FRK 100-KS<\/td>\n<td style=\"text-align: center;\">100<\/td>\n<td style=\"text-align: center;\">60<\/td>\n<td style=\"text-align: center;\">0,8<\/td>\n<\/tr>\n<tr>\n<td style=\"text-align: center;\">5100322<\/td>\n<td style=\"text-align: center;\">FRK 200-KS<\/td>\n<td style=\"text-align: center;\">200<\/td>\n<td style=\"text-align: center;\">60<\/td>\n<td style=\"text-align: center;\">0,8<\/td>\n<\/tr>\n<tr>\n<td style=\"text-align: center;\">5100323<\/td>\n<td style=\"text-align: center;\">FRK 300-KS<\/td>\n<td style=\"text-align: center;\">300<\/td>\n<td style=\"text-align: center;\">60<\/td>\n<td style=\"text-align: center;\">1<\/td>\n<\/tr>\n<tr>\n<td style=\"text-align: center;\">5100324<\/td>\n<td style=\"text-align: center;\">FRK 400-KS<\/td>\n<td style=\"text-align: center;\">400<\/td>\n<td style=\"text-align: center;\">60<\/td>\n<td style=\"text-align: center;\">1<\/td>\n<\/tr>\n<\/tbody>\n<\/table>\n<p>&nbsp;<\/p>\n","protected":false},"excerpt":{"rendered":"<p>Koristi se kao dopuna re\u0161etkastog kanala u slu\u010daju kada postoji potreba kablovskkog razvoda u vi\u0161e pravaca. Izra\u0111uje se od visokokvalitetnog pocinkovanog lima. Kodni broj Tip \u0160irina spoja mm Visina mm Debljina mm 5100321 FRK 100-KS 100 60 0,8 5100322 FRK 200-KS 200 60 0,8 5100323 FRK 300-KS 300 60 1 5100324 FRK 400-KS 400 60 [&hellip;]<\/p>\n","protected":false},"featured_media":265744,"comment_status":"closed","ping_status":"closed","template":"","meta":[],"product_brand":[],"product_cat":[200],"product_tag":[],"class_list":{"0":"post-3436","1":"product","2":"type-product","3":"status-publish","4":"has-post-thumbnail","6":"product_cat-kanali","8":"first","9":"instock","10":"shipping-taxable","11":"product-type-simple"},"_links":{"self":[{"href":"https:\/\/www.feman.net\/eng\/index.php?rest_route=\/wp\/v2\/product\/3436","targetHints":{"allow":["GET"]}}],"collection":[{"href":"https:\/\/www.feman.net\/eng\/index.php?rest_route=\/wp\/v2\/product"}],"about":[{"href":"https:\/\/www.feman.net\/eng\/index.php?rest_route=\/wp\/v2\/types\/product"}],"replies":[{"embeddable":true,"href":"https:\/\/www.feman.net\/eng\/index.php?rest_route=%2Fwp%2Fv2%2Fcomments&post=3436"}],"wp:featuredmedia":[{"embeddable":true,"href":"https:\/\/www.feman.net\/eng\/index.php?rest_route=\/wp\/v2\/media\/265744"}],"wp:attachment":[{"href":"https:\/\/www.feman.net\/eng\/index.php?rest_route=%2Fwp%2Fv2%2Fmedia&parent=3436"}],"wp:term":[{"taxonomy":"product_brand","embeddable":true,"href":"https:\/\/www.feman.net\/eng\/index.php?rest_route=%2Fwp%2Fv2%2Fproduct_brand&post=3436"},{"taxonomy":"product_cat","embeddable":true,"href":"https:\/\/www.feman.net\/eng\/index.php?rest_route=%2Fwp%2Fv2%2Fproduct_cat&post=3436"},{"taxonomy":"product_tag","embeddable":true,"href":"https:\/\/www.feman.net\/eng\/index.php?rest_route=%2Fwp%2Fv2%2Fproduct_tag&post=3436"}],"curies":[{"name":"wp","href":"https:\/\/api.w.org\/{rel}","templated":true}]}}