{"id":3440,"date":"2015-04-15T09:25:58","date_gmt":"2015-04-15T09:25:58","guid":{"rendered":"http:\/\/feman.net\/?p=3440"},"modified":"2022-11-23T21:30:48","modified_gmt":"2022-11-23T21:30:48","slug":"poklopac-za-t-spojnicu-za-resetkasti-kanal","status":"publish","type":"product","link":"https:\/\/www.feman.net\/eng\/?product=poklopac-za-t-spojnicu-za-resetkasti-kanal","title":{"rendered":"POKLOPAC ZA T SPOJNICU ZA RE\u0160ETKASTI KANAL"},"content":{"rendered":"<p><a href=\"http:\/\/www.feman.net\/wp-content\/uploads\/2015\/03\/27-4.png\"><img loading=\"lazy\" decoding=\"async\" class=\"alignnone wp-image-1802 size-medium\" src=\"http:\/\/www.feman.net\/wp-content\/uploads\/2015\/03\/27-4-300x150.png\" alt=\"POKLOPAC ZA T SPOJNICU ZA RE\u0160ETKASTI KANAL\" width=\"300\" height=\"150\" srcset=\"https:\/\/www.feman.net\/eng\/wp-content\/uploads\/2015\/03\/27-4-300x150.png 300w, https:\/\/www.feman.net\/eng\/wp-content\/uploads\/2015\/03\/27-4-600x299.png 600w, https:\/\/www.feman.net\/eng\/wp-content\/uploads\/2015\/03\/27-4-150x75.png 150w, https:\/\/www.feman.net\/eng\/wp-content\/uploads\/2015\/03\/27-4.png 652w\" sizes=\"(max-width: 300px) 100vw, 300px\" \/><\/a><\/p>\n<p>Koristi se za pokrivanje T spojnice,\u010dime se ostvaruje kontinuitet mehani\u010dke i atmosferske za\u0161tite kablova polo\u017eenih u re\u0161etkastom kanalu. Izra\u0111uje se od visokokvalitetnog pocinkovanog lima.<\/p>\n<table style=\"height: 185px; width: 56.5577%;\" width=\"624\">\n<tbody>\n<tr style=\"background-color: #c8e4f7;\">\n<td style=\"text-align: center;\">Kodni broj<\/td>\n<td style=\"text-align: center;\">Tip<\/td>\n<td style=\"text-align: center;\">\u0160irina spoja mm<\/td>\n<td style=\"text-align: center;\">Visina mm<\/td>\n<td style=\"text-align: center;\">Debljina mm<\/td>\n<\/tr>\n<tr>\n<td style=\"text-align: center;\">5100341<\/td>\n<td style=\"text-align: center;\">FRK 100-PTS<\/td>\n<td style=\"text-align: center;\">100<\/td>\n<td style=\"text-align: center;\">16<\/td>\n<td style=\"text-align: center;\">0,8<\/td>\n<\/tr>\n<tr>\n<td style=\"text-align: center;\">5100342<\/td>\n<td style=\"text-align: center;\">FRK 200-PTS<\/td>\n<td style=\"text-align: center;\">200<\/td>\n<td style=\"text-align: center;\">16<\/td>\n<td style=\"text-align: center;\">0,8<\/td>\n<\/tr>\n<tr>\n<td style=\"text-align: center;\">5100343<\/td>\n<td style=\"text-align: center;\">FRK 300-PTS<\/td>\n<td style=\"text-align: center;\">300<\/td>\n<td style=\"text-align: center;\">16<\/td>\n<td style=\"text-align: center;\">1<\/td>\n<\/tr>\n<tr>\n<td style=\"text-align: center;\">5100344<\/td>\n<td style=\"text-align: center;\">FRK 400-PTS<\/td>\n<td style=\"text-align: center;\">400<\/td>\n<td style=\"text-align: center;\">16<\/td>\n<td style=\"text-align: center;\">1<\/td>\n<\/tr>\n<\/tbody>\n<\/table>\n<p>&nbsp;<\/p>\n","protected":false},"excerpt":{"rendered":"<p>Koristi se za pokrivanje T spojnice,\u010dime se ostvaruje kontinuitet mehani\u010dke i atmosferske za\u0161tite kablova polo\u017eenih u re\u0161etkastom kanalu. Izra\u0111uje se od visokokvalitetnog pocinkovanog lima. Kodni broj Tip \u0160irina spoja mm Visina mm Debljina mm 5100341 FRK 100-PTS 100 16 0,8 5100342 FRK 200-PTS 200 16 0,8 5100343 FRK 300-PTS 300 16 1 5100344 FRK 400-PTS [&hellip;]<\/p>\n","protected":false},"featured_media":265755,"comment_status":"closed","ping_status":"closed","template":"","meta":[],"product_brand":[],"product_cat":[200],"product_tag":[],"class_list":{"0":"post-3440","1":"product","2":"type-product","3":"status-publish","4":"has-post-thumbnail","6":"product_cat-kanali","8":"first","9":"instock","10":"shipping-taxable","11":"product-type-simple"},"_links":{"self":[{"href":"https:\/\/www.feman.net\/eng\/index.php?rest_route=\/wp\/v2\/product\/3440","targetHints":{"allow":["GET"]}}],"collection":[{"href":"https:\/\/www.feman.net\/eng\/index.php?rest_route=\/wp\/v2\/product"}],"about":[{"href":"https:\/\/www.feman.net\/eng\/index.php?rest_route=\/wp\/v2\/types\/product"}],"replies":[{"embeddable":true,"href":"https:\/\/www.feman.net\/eng\/index.php?rest_route=%2Fwp%2Fv2%2Fcomments&post=3440"}],"wp:featuredmedia":[{"embeddable":true,"href":"https:\/\/www.feman.net\/eng\/index.php?rest_route=\/wp\/v2\/media\/265755"}],"wp:attachment":[{"href":"https:\/\/www.feman.net\/eng\/index.php?rest_route=%2Fwp%2Fv2%2Fmedia&parent=3440"}],"wp:term":[{"taxonomy":"product_brand","embeddable":true,"href":"https:\/\/www.feman.net\/eng\/index.php?rest_route=%2Fwp%2Fv2%2Fproduct_brand&post=3440"},{"taxonomy":"product_cat","embeddable":true,"href":"https:\/\/www.feman.net\/eng\/index.php?rest_route=%2Fwp%2Fv2%2Fproduct_cat&post=3440"},{"taxonomy":"product_tag","embeddable":true,"href":"https:\/\/www.feman.net\/eng\/index.php?rest_route=%2Fwp%2Fv2%2Fproduct_tag&post=3440"}],"curies":[{"name":"wp","href":"https:\/\/api.w.org\/{rel}","templated":true}]}}