{"id":3449,"date":"2015-04-15T09:34:04","date_gmt":"2015-04-15T09:34:04","guid":{"rendered":"http:\/\/feman.net\/?p=3449"},"modified":"2022-11-23T21:55:22","modified_gmt":"2022-11-23T21:55:22","slug":"vijak-nosac-za-spustene-plafone-sa-navrtkom","status":"publish","type":"product","link":"https:\/\/www.feman.net\/eng\/?product=vijak-nosac-za-spustene-plafone-sa-navrtkom","title":{"rendered":"VIJAK NOSA\u010c ZA SPU\u0160TENE PLAFONE SA NAVRTKOM"},"content":{"rendered":"<p><a href=\"http:\/\/www.feman.net\/wp-content\/uploads\/2015\/03\/28-21.png\"><img loading=\"lazy\" decoding=\"async\" class=\"alignnone wp-image-1805 \" src=\"http:\/\/www.feman.net\/wp-content\/uploads\/2015\/03\/28-21-300x265.png\" alt=\"VIJAK NOSA\u010c ZA SPU\u0160TENE PLAFONE SA NAVRTKOM\" width=\"240\" height=\"212\" srcset=\"https:\/\/www.feman.net\/eng\/wp-content\/uploads\/2015\/03\/28-21-300x265.png 300w, https:\/\/www.feman.net\/eng\/wp-content\/uploads\/2015\/03\/28-21-340x300.png 340w, https:\/\/www.feman.net\/eng\/wp-content\/uploads\/2015\/03\/28-21-150x132.png 150w, https:\/\/www.feman.net\/eng\/wp-content\/uploads\/2015\/03\/28-21.png 579w\" sizes=\"(max-width: 240px) 100vw, 240px\" \/><\/a><\/p>\n<p style=\"text-align: justify;\">Neophodan pri monta\u017ei spu\u0161tnja plafonskih konstrukcija univerzalnim gipsanim plo\u010dama(Knauf,Rigips,Austroform&#8230;) ili sli\u010dnim materijalima. Izra\u0111uje se u du\u017einama od 85 i 95 mm sa navojima M 3 i M 4 , max . optere\u0107enja\u00a0 2000 N . Metalni delovi su za\u0161ti\u0107eni galvanskim cinkovanjem a po \u017eelji kupca radimo i toplo cinkovanje. Upotrebom FEMAN vijka za spu\u0161tene plafone sa navrtkom monta\u017ea plafonskih konstrukcija bi\u0107e brza, laka, pouzdana i kvalitetna.<\/p>\n<p><strong>Kodni broj: 5340175<\/strong><\/p>\n<p>&nbsp;<\/p>\n<p>&nbsp;<\/p>\n","protected":false},"excerpt":{"rendered":"<p>Neophodan pri monta\u017ei spu\u0161tnja plafonskih konstrukcija univerzalnim gipsanim plo\u010dama(Knauf,Rigips,Austroform&#8230;) ili sli\u010dnim materijalima. Izra\u0111uje se u du\u017einama od 85 i 95 mm sa navojima M 3 i M 4 , max . optere\u0107enja\u00a0 2000 N . Metalni delovi su za\u0161ti\u0107eni galvanskim cinkovanjem a po \u017eelji kupca radimo i toplo cinkovanje. Upotrebom FEMAN vijka za spu\u0161tene plafone [&hellip;]<\/p>\n","protected":false},"featured_media":0,"comment_status":"closed","ping_status":"closed","template":"","meta":[],"product_brand":[],"product_cat":[203],"product_tag":[],"class_list":{"0":"post-3449","1":"product","2":"type-product","3":"status-publish","5":"product_cat-instalacioni-pribor-ostalo","7":"first","8":"instock","9":"shipping-taxable","10":"product-type-simple"},"_links":{"self":[{"href":"https:\/\/www.feman.net\/eng\/index.php?rest_route=\/wp\/v2\/product\/3449","targetHints":{"allow":["GET"]}}],"collection":[{"href":"https:\/\/www.feman.net\/eng\/index.php?rest_route=\/wp\/v2\/product"}],"about":[{"href":"https:\/\/www.feman.net\/eng\/index.php?rest_route=\/wp\/v2\/types\/product"}],"replies":[{"embeddable":true,"href":"https:\/\/www.feman.net\/eng\/index.php?rest_route=%2Fwp%2Fv2%2Fcomments&post=3449"}],"wp:attachment":[{"href":"https:\/\/www.feman.net\/eng\/index.php?rest_route=%2Fwp%2Fv2%2Fmedia&parent=3449"}],"wp:term":[{"taxonomy":"product_brand","embeddable":true,"href":"https:\/\/www.feman.net\/eng\/index.php?rest_route=%2Fwp%2Fv2%2Fproduct_brand&post=3449"},{"taxonomy":"product_cat","embeddable":true,"href":"https:\/\/www.feman.net\/eng\/index.php?rest_route=%2Fwp%2Fv2%2Fproduct_cat&post=3449"},{"taxonomy":"product_tag","embeddable":true,"href":"https:\/\/www.feman.net\/eng\/index.php?rest_route=%2Fwp%2Fv2%2Fproduct_tag&post=3449"}],"curies":[{"name":"wp","href":"https:\/\/api.w.org\/{rel}","templated":true}]}}