{"id":847,"date":"2015-03-24T14:03:09","date_gmt":"2015-03-24T14:03:09","guid":{"rendered":"http:\/\/feman.net\/?p=847"},"modified":"2022-01-28T15:51:48","modified_gmt":"2022-01-28T15:51:48","slug":"mro2h-500x380x160-vrste-upotrebe-i-primeri","status":"publish","type":"product","link":"https:\/\/www.feman.net\/eng\/?product=mro2h-500x380x160-vrste-upotrebe-i-primeri","title":{"rendered":"MRO2\/H 500x380x160  VRSTE UPOTREBE I PRIMERI"},"content":{"rendered":"<p>&nbsp;<\/p>\n<table style=\"height: 1420px;\" width=\"569\">\n<tbody>\n<tr>\n<td><a href=\"http:\/\/www.feman.net\/wp-content\/uploads\/2015\/04\/33-1.png\"><img loading=\"lazy\" decoding=\"async\" class=\"alignnone size-medium wp-image-3675\" src=\"http:\/\/www.feman.net\/wp-content\/uploads\/2015\/04\/33-1-222x300.png\" alt=\"33-1\" width=\"222\" height=\"300\" srcset=\"https:\/\/www.feman.net\/eng\/wp-content\/uploads\/2015\/04\/33-1-222x300.png 222w, https:\/\/www.feman.net\/eng\/wp-content\/uploads\/2015\/04\/33-1-300x405.png 300w, https:\/\/www.feman.net\/eng\/wp-content\/uploads\/2015\/04\/33-1-600x809.png 600w, https:\/\/www.feman.net\/eng\/wp-content\/uploads\/2015\/04\/33-1-759x1024.png 759w, https:\/\/www.feman.net\/eng\/wp-content\/uploads\/2015\/04\/33-1-150x202.png 150w, https:\/\/www.feman.net\/eng\/wp-content\/uploads\/2015\/04\/33-1.png 800w\" sizes=\"(max-width: 222px) 100vw, 222px\" \/><\/a><\/td>\n<td><a href=\"http:\/\/www.feman.net\/wp-content\/uploads\/2015\/04\/33-2.png\"><img loading=\"lazy\" decoding=\"async\" class=\"alignnone size-medium wp-image-3676\" src=\"http:\/\/www.feman.net\/wp-content\/uploads\/2015\/04\/33-2-222x300.png\" alt=\"33-2\" width=\"222\" height=\"300\" srcset=\"https:\/\/www.feman.net\/eng\/wp-content\/uploads\/2015\/04\/33-2-222x300.png 222w, https:\/\/www.feman.net\/eng\/wp-content\/uploads\/2015\/04\/33-2-300x405.png 300w, https:\/\/www.feman.net\/eng\/wp-content\/uploads\/2015\/04\/33-2-600x809.png 600w, https:\/\/www.feman.net\/eng\/wp-content\/uploads\/2015\/04\/33-2-759x1024.png 759w, https:\/\/www.feman.net\/eng\/wp-content\/uploads\/2015\/04\/33-2-150x202.png 150w, https:\/\/www.feman.net\/eng\/wp-content\/uploads\/2015\/04\/33-2.png 800w\" sizes=\"(max-width: 222px) 100vw, 222px\" \/><\/a><\/td>\n<\/tr>\n<tr>\n<td>Orman za ugradnju brojila i uklopnmog sata sa vratima za limitatore<\/td>\n<td>Uzidni poliesterski univerzalni orman sa vratima bez otvora<\/td>\n<\/tr>\n<tr>\n<td><a href=\"http:\/\/www.feman.net\/wp-content\/uploads\/2015\/04\/33-4.png\"><img loading=\"lazy\" decoding=\"async\" class=\"alignnone size-medium wp-image-3678\" src=\"http:\/\/www.feman.net\/wp-content\/uploads\/2015\/04\/33-4-222x300.png\" alt=\"33-4\" width=\"222\" height=\"300\" srcset=\"https:\/\/www.feman.net\/eng\/wp-content\/uploads\/2015\/04\/33-4-222x300.png 222w, https:\/\/www.feman.net\/eng\/wp-content\/uploads\/2015\/04\/33-4-300x405.png 300w, https:\/\/www.feman.net\/eng\/wp-content\/uploads\/2015\/04\/33-4-600x809.png 600w, https:\/\/www.feman.net\/eng\/wp-content\/uploads\/2015\/04\/33-4-759x1024.png 759w, https:\/\/www.feman.net\/eng\/wp-content\/uploads\/2015\/04\/33-4-150x202.png 150w, https:\/\/www.feman.net\/eng\/wp-content\/uploads\/2015\/04\/33-4.png 800w\" sizes=\"(max-width: 222px) 100vw, 222px\" \/><\/a><\/td>\n<td><a href=\"http:\/\/www.feman.net\/wp-content\/uploads\/2015\/04\/33-5.png\"><img loading=\"lazy\" decoding=\"async\" class=\"alignnone size-medium wp-image-3679\" src=\"http:\/\/www.feman.net\/wp-content\/uploads\/2015\/04\/33-5-222x300.png\" alt=\"33-5\" width=\"222\" height=\"300\" srcset=\"https:\/\/www.feman.net\/eng\/wp-content\/uploads\/2015\/04\/33-5-222x300.png 222w, https:\/\/www.feman.net\/eng\/wp-content\/uploads\/2015\/04\/33-5-300x405.png 300w, https:\/\/www.feman.net\/eng\/wp-content\/uploads\/2015\/04\/33-5-600x809.png 600w, https:\/\/www.feman.net\/eng\/wp-content\/uploads\/2015\/04\/33-5-759x1024.png 759w, https:\/\/www.feman.net\/eng\/wp-content\/uploads\/2015\/04\/33-5-150x202.png 150w, https:\/\/www.feman.net\/eng\/wp-content\/uploads\/2015\/04\/33-5.png 800w\" sizes=\"(max-width: 222px) 100vw, 222px\" \/><\/a><\/td>\n<\/tr>\n<tr>\n<td>Orman sa prekida\u010dima i kontrolnim lampama<\/td>\n<td>Orman sa grebenstim prekida\u010dima<\/td>\n<\/tr>\n<tr>\n<td><a href=\"http:\/\/www.feman.net\/wp-content\/uploads\/2015\/04\/33-6.png\"><img loading=\"lazy\" decoding=\"async\" class=\"alignnone size-medium wp-image-3680\" src=\"http:\/\/www.feman.net\/wp-content\/uploads\/2015\/04\/33-6-222x300.png\" alt=\"33-6\" width=\"222\" height=\"300\" srcset=\"https:\/\/www.feman.net\/eng\/wp-content\/uploads\/2015\/04\/33-6-222x300.png 222w, https:\/\/www.feman.net\/eng\/wp-content\/uploads\/2015\/04\/33-6-300x405.png 300w, https:\/\/www.feman.net\/eng\/wp-content\/uploads\/2015\/04\/33-6-600x809.png 600w, https:\/\/www.feman.net\/eng\/wp-content\/uploads\/2015\/04\/33-6-759x1024.png 759w, https:\/\/www.feman.net\/eng\/wp-content\/uploads\/2015\/04\/33-6-150x202.png 150w, https:\/\/www.feman.net\/eng\/wp-content\/uploads\/2015\/04\/33-6.png 800w\" sizes=\"(max-width: 222px) 100vw, 222px\" \/><\/a><\/td>\n<td><a href=\"http:\/\/www.feman.net\/wp-content\/uploads\/2015\/04\/33-7.png\"><img loading=\"lazy\" decoding=\"async\" class=\"alignnone size-medium wp-image-3681\" src=\"http:\/\/www.feman.net\/wp-content\/uploads\/2015\/04\/33-7-209x300.png\" alt=\"33-7\" width=\"209\" height=\"300\" srcset=\"https:\/\/www.feman.net\/eng\/wp-content\/uploads\/2015\/04\/33-7-209x300.png 209w, https:\/\/www.feman.net\/eng\/wp-content\/uploads\/2015\/04\/33-7-300x430.png 300w, https:\/\/www.feman.net\/eng\/wp-content\/uploads\/2015\/04\/33-7-600x861.png 600w, https:\/\/www.feman.net\/eng\/wp-content\/uploads\/2015\/04\/33-7-150x215.png 150w, https:\/\/www.feman.net\/eng\/wp-content\/uploads\/2015\/04\/33-7.png 640w\" sizes=\"(max-width: 209px) 100vw, 209px\" \/><\/a><\/td>\n<\/tr>\n<tr>\n<td>Orman sa mernim ure\u0111ajima<\/td>\n<td>Merni orman<\/td>\n<\/tr>\n<tr>\n<td><a href=\"http:\/\/www.feman.net\/wp-content\/uploads\/2015\/04\/33-8.png\"><img loading=\"lazy\" decoding=\"async\" class=\"alignnone size-medium wp-image-3682\" src=\"http:\/\/www.feman.net\/wp-content\/uploads\/2015\/04\/33-8-228x300.png\" alt=\"33-8\" width=\"228\" height=\"300\" srcset=\"https:\/\/www.feman.net\/eng\/wp-content\/uploads\/2015\/04\/33-8-228x300.png 228w, https:\/\/www.feman.net\/eng\/wp-content\/uploads\/2015\/04\/33-8-300x394.png 300w, https:\/\/www.feman.net\/eng\/wp-content\/uploads\/2015\/04\/33-8-600x788.png 600w, https:\/\/www.feman.net\/eng\/wp-content\/uploads\/2015\/04\/33-8-779x1024.png 779w, https:\/\/www.feman.net\/eng\/wp-content\/uploads\/2015\/04\/33-8-150x197.png 150w, https:\/\/www.feman.net\/eng\/wp-content\/uploads\/2015\/04\/33-8.png 800w\" sizes=\"(max-width: 228px) 100vw, 228px\" \/><\/a><\/td>\n<td><a href=\"http:\/\/www.feman.net\/wp-content\/uploads\/2015\/04\/33-9.png\"><img loading=\"lazy\" decoding=\"async\" class=\"alignnone size-medium wp-image-3683\" src=\"http:\/\/www.feman.net\/wp-content\/uploads\/2015\/04\/33-9-220x300.png\" alt=\"33-9\" width=\"220\" height=\"300\" srcset=\"https:\/\/www.feman.net\/eng\/wp-content\/uploads\/2015\/04\/33-9-220x300.png 220w, https:\/\/www.feman.net\/eng\/wp-content\/uploads\/2015\/04\/33-9-300x410.png 300w, https:\/\/www.feman.net\/eng\/wp-content\/uploads\/2015\/04\/33-9-600x819.png 600w, https:\/\/www.feman.net\/eng\/wp-content\/uploads\/2015\/04\/33-9-150x205.png 150w, https:\/\/www.feman.net\/eng\/wp-content\/uploads\/2015\/04\/33-9.png 720w\" sizes=\"(max-width: 220px) 100vw, 220px\" \/><\/a><\/td>\n<\/tr>\n<tr>\n<td>Orman sa automatikom<\/td>\n<td>Orman sa strujnim transformatorima<\/td>\n<\/tr>\n<\/tbody>\n<\/table>\n<p>&nbsp;<\/p>\n","protected":false},"excerpt":{"rendered":"<p>&nbsp; Orman za ugradnju brojila i uklopnmog sata sa vratima za limitatore Uzidni poliesterski univerzalni orman sa vratima bez otvora Orman sa prekida\u010dima i kontrolnim lampama Orman sa grebenstim prekida\u010dima Orman sa mernim ure\u0111ajima Merni orman Orman sa automatikom Orman sa strujnim transformatorima &nbsp;<\/p>\n","protected":false},"featured_media":0,"comment_status":"closed","ping_status":"closed","template":"","meta":[],"product_brand":[],"product_cat":[186,185,188],"product_tag":[],"class_list":{"0":"post-847","1":"product","2":"type-product","3":"status-publish","5":"product_cat-merni-ormani","6":"product_cat-merno-razvodni-ormani","7":"product_cat-mro2","9":"first","10":"instock","11":"shipping-taxable","12":"product-type-simple"},"_links":{"self":[{"href":"https:\/\/www.feman.net\/eng\/index.php?rest_route=\/wp\/v2\/product\/847","targetHints":{"allow":["GET"]}}],"collection":[{"href":"https:\/\/www.feman.net\/eng\/index.php?rest_route=\/wp\/v2\/product"}],"about":[{"href":"https:\/\/www.feman.net\/eng\/index.php?rest_route=\/wp\/v2\/types\/product"}],"replies":[{"embeddable":true,"href":"https:\/\/www.feman.net\/eng\/index.php?rest_route=%2Fwp%2Fv2%2Fcomments&post=847"}],"wp:attachment":[{"href":"https:\/\/www.feman.net\/eng\/index.php?rest_route=%2Fwp%2Fv2%2Fmedia&parent=847"}],"wp:term":[{"taxonomy":"product_brand","embeddable":true,"href":"https:\/\/www.feman.net\/eng\/index.php?rest_route=%2Fwp%2Fv2%2Fproduct_brand&post=847"},{"taxonomy":"product_cat","embeddable":true,"href":"https:\/\/www.feman.net\/eng\/index.php?rest_route=%2Fwp%2Fv2%2Fproduct_cat&post=847"},{"taxonomy":"product_tag","embeddable":true,"href":"https:\/\/www.feman.net\/eng\/index.php?rest_route=%2Fwp%2Fv2%2Fproduct_tag&post=847"}],"curies":[{"name":"wp","href":"https:\/\/api.w.org\/{rel}","templated":true}]}}